{"id":992,"date":"2021-07-30T10:12:10","date_gmt":"2021-07-30T08:12:10","guid":{"rendered":"https:\/\/www.novakovych59.cz\/?page_id=992"},"modified":"2025-05-20T21:25:17","modified_gmt":"2025-05-20T19:25:17","slug":"internet-v-dome","status":"publish","type":"page","link":"https:\/\/www.novakovych59.cz\/?page_id=992","title":{"rendered":"Internet v dom\u011b"},"content":{"rendered":"<p><strong>Zde si m\u016f\u017eete vybrat ze\u00a0 seznamu internetov\u00fdch poskytovatel\u016f,\u00a0 kter\u00e9 maj\u00ed dostupn\u00e9 internetov\u00e9 p\u0159ipojen\u00ed v na\u0161em\u00a0 dom\u011b.<\/strong><\/p>\n<p>&nbsp;<\/p>\n<p>Ve\u0161ker\u00e9 internetov\u00e9 p\u0159ipojen\u00ed je realizov\u00e1no<strong><a href=\"https:\/\/cs.wikipedia.org\/wiki\/Optick%C3%A9_vl%C3%A1kno\"> vysokorychlostn\u00edmi optick\u00fdmi vl\u00e1kny<\/a> ,<\/strong> vyjma poskytovatele Vodafone &#8211; UPC,\u00a0 kter\u00e9 m\u00e1\u00a0 optickou p\u0159\u00edpojku v dom\u011b , ale samostatn\u00e9 rozvody k bytov\u00fdm jednotk\u00e1m,\u00a0 jsou \u0159e\u0161eny pomoc\u00ed koaxi\u00e1ln\u00edch kabel\u016f.<\/p>\n<p>&nbsp;<\/p>\n<p><a href=\"https:\/\/www.o2.cz\/osobni\/internet\" rel=\"attachment wp-att-1003\"><img loading=\"lazy\" decoding=\"async\" class=\"alignleft wp-image-1003\" src=\"https:\/\/www.novakovych59.cz\/wp-content\/uploads\/2021\/07\/O2.png\" alt=\"\" width=\"298\" height=\"167\" srcset=\"https:\/\/www.novakovych59.cz\/wp-content\/uploads\/2021\/07\/O2.png 300w, https:\/\/www.novakovych59.cz\/wp-content\/uploads\/2021\/07\/O2-150x84.png 150w\" sizes=\"auto, (max-width: 298px) 100vw, 298px\" \/><\/a><\/p>\n<p><span style=\"color: #0fa5d9;\"> <a href=\"https:\/\/www.pe3ny.net\/levny-rychly-internet\" rel=\"attachment wp-att-1004\"><img loading=\"lazy\" decoding=\"async\" class=\"alignright wp-image-1004 size-full\" src=\"https:\/\/www.novakovych59.cz\/wp-content\/uploads\/2021\/07\/pe3ny.png\" alt=\"\" width=\"259\" height=\"195\" srcset=\"https:\/\/www.novakovych59.cz\/wp-content\/uploads\/2021\/07\/pe3ny.png 259w, https:\/\/www.novakovych59.cz\/wp-content\/uploads\/2021\/07\/pe3ny-150x113.png 150w\" sizes=\"auto, (max-width: 259px) 100vw, 259px\" \/><\/a><\/span><a href=\"https:\/\/www.vodafone.cz\/internet\/\" rel=\"attachment wp-att-1005\"><img loading=\"lazy\" decoding=\"async\" class=\"aligncenter wp-image-1005 size-full\" src=\"https:\/\/www.novakovych59.cz\/wp-content\/uploads\/2021\/07\/vodafone-upc.png\" alt=\"\" width=\"275\" height=\"183\" srcset=\"https:\/\/www.novakovych59.cz\/wp-content\/uploads\/2021\/07\/vodafone-upc.png 275w, https:\/\/www.novakovych59.cz\/wp-content\/uploads\/2021\/07\/vodafone-upc-150x100.png 150w\" sizes=\"auto, (max-width: 275px) 100vw, 275px\" \/><\/a><\/p>\n<p>&nbsp;<\/p>\n","protected":false},"excerpt":{"rendered":"<p>Zde si m\u016f\u017eete vybrat ze\u00a0 seznamu internetov\u00fdch poskytovatel\u016f,\u00a0 kter\u00e9 maj\u00ed dostupn\u00e9 internetov\u00e9 p\u0159ipojen\u00ed v na\u0161em\u00a0 dom\u011b. &nbsp; Ve\u0161ker\u00e9 internetov\u00e9 p\u0159ipojen\u00ed je realizov\u00e1no vysokorychlostn\u00edmi optick\u00fdmi vl\u00e1kny , vyjma poskytovatele Vodafone &#8211; UPC,\u00a0 kter\u00e9 m\u00e1\u00a0 optickou p\u0159\u00edpojku v dom\u011b , ale samostatn\u00e9 &#8230; <a class=\"more-link\" href=\"https:\/\/www.novakovych59.cz\/?page_id=992\">\u010c\u00edst v\u00edce &raquo;<\/a><\/p>\n","protected":false},"author":1,"featured_media":0,"parent":0,"menu_order":0,"comment_status":"closed","ping_status":"closed","template":"","meta":{"footnotes":""},"class_list":["post-992","page","type-page","status-publish","hentry"],"_links":{"self":[{"href":"https:\/\/www.novakovych59.cz\/index.php?rest_route=\/wp\/v2\/pages\/992","targetHints":{"allow":["GET"]}}],"collection":[{"href":"https:\/\/www.novakovych59.cz\/index.php?rest_route=\/wp\/v2\/pages"}],"about":[{"href":"https:\/\/www.novakovych59.cz\/index.php?rest_route=\/wp\/v2\/types\/page"}],"author":[{"embeddable":true,"href":"https:\/\/www.novakovych59.cz\/index.php?rest_route=\/wp\/v2\/users\/1"}],"replies":[{"embeddable":true,"href":"https:\/\/www.novakovych59.cz\/index.php?rest_route=%2Fwp%2Fv2%2Fcomments&post=992"}],"version-history":[{"count":11,"href":"https:\/\/www.novakovych59.cz\/index.php?rest_route=\/wp\/v2\/pages\/992\/revisions"}],"predecessor-version":[{"id":1212,"href":"https:\/\/www.novakovych59.cz\/index.php?rest_route=\/wp\/v2\/pages\/992\/revisions\/1212"}],"wp:attachment":[{"href":"https:\/\/www.novakovych59.cz\/index.php?rest_route=%2Fwp%2Fv2%2Fmedia&parent=992"}],"curies":[{"name":"wp","href":"https:\/\/api.w.org\/{rel}","templated":true}]}}