{"id":985,"date":"2021-06-01T16:17:40","date_gmt":"2021-06-01T14:17:40","guid":{"rendered":"https:\/\/www.novakovych59.cz\/?page_id=985"},"modified":"2021-06-15T16:34:17","modified_gmt":"2021-06-15T14:34:17","slug":"rozvod-internetovych-optickych-kabelu-v-dome","status":"publish","type":"page","link":"https:\/\/www.novakovych59.cz\/?page_id=985","title":{"rendered":"Rozvod internetov\u00fdch optick\u00fdch kabel\u016f v dom\u011b"},"content":{"rendered":"<p>Mil\u00ed obyvatel\u00e9 domu,<\/p>\n<p>Dovolujeme si V\u00e1m ozn\u00e1mit, \u00a0\u017ee v\u00a0pond\u011bl\u00ed dne \u00a0<strong>07.06.2021<\/strong> \u00a0bude zah\u00e1jena realizace\u00a0 rozvod\u016f \u00a0internetov\u00fdch optick\u00fdch kabel\u016f.\u00a0 Tyto rozvody budou p\u0159ivedeny ke v\u0161em bytov\u00fdm jednotk\u00e1m.<\/p>\n<p>D\u00e1le n\u00e1sleduj\u00edc\u00edch 14 dnech (p\u0159esn\u011bji <strong>21.06. \u2013 02.07.2021<\/strong>) bude p\u0159ed domem v\u00fdkop na polo\u017een\u00ed optick\u00e9ho kabelu. Tyto pr\u00e1ce jsou z\u00e1v\u011bre\u010dn\u00e9 v\u00a0souvislosti s\u00a0dod\u00e1vkou a mont\u00e1\u017e\u00ed pro zlep\u0161en\u00ed slu\u017eeb (internet, data, TV) v\u00a0na\u0161em dom\u011b.<\/p>\n<p>&nbsp;<\/p>\n<p>P\u0159edem se omlouv\u00e1me za zv\u00fd\u0161en\u00fd hluk, \u00a0kter\u00fd bude spojen s\u00a0prac\u00ed\u00a0 a vy\u0161\u0161\u00edm pohybem technick\u00fdch pracovn\u00edk\u016f\u00a0 subdodavatelsk\u00e9 firmy Cetin.<\/p>\n<p>&nbsp;<\/p>\n<p>O \u00fasp\u011b\u0161n\u00e9m dokon\u010den\u00ed t\u011bchto prac\u00ed,\u00a0 budete op\u011bt informov\u00e1ni.<\/p>\n<p>S pozdravem,<\/p>\n<p>&nbsp;<\/p>\n<p>Za v\u00fdbor SVJ<\/p>\n<p>Stanislav Hru\u0161ka<\/p>\n<p>\u0160t\u011bp\u00e1n Slez\u00e1\u010dek<\/p>\n<p>Martin Neuman<\/p>\n","protected":false},"excerpt":{"rendered":"<p>Mil\u00ed obyvatel\u00e9 domu, Dovolujeme si V\u00e1m ozn\u00e1mit, \u00a0\u017ee v\u00a0pond\u011bl\u00ed dne \u00a007.06.2021 \u00a0bude zah\u00e1jena realizace\u00a0 rozvod\u016f \u00a0internetov\u00fdch optick\u00fdch kabel\u016f.\u00a0 Tyto rozvody budou p\u0159ivedeny ke v\u0161em bytov\u00fdm jednotk\u00e1m. D\u00e1le n\u00e1sleduj\u00edc\u00edch 14 dnech (p\u0159esn\u011bji 21.06. \u2013 02.07.2021) bude p\u0159ed domem v\u00fdkop na polo\u017een\u00ed &#8230; <a class=\"more-link\" href=\"https:\/\/www.novakovych59.cz\/?page_id=985\">\u010c\u00edst v\u00edce &raquo;<\/a><\/p>\n","protected":false},"author":1,"featured_media":0,"parent":0,"menu_order":0,"comment_status":"open","ping_status":"closed","template":"","meta":{"footnotes":""},"class_list":["post-985","page","type-page","status-publish","hentry"],"_links":{"self":[{"href":"https:\/\/www.novakovych59.cz\/index.php?rest_route=\/wp\/v2\/pages\/985","targetHints":{"allow":["GET"]}}],"collection":[{"href":"https:\/\/www.novakovych59.cz\/index.php?rest_route=\/wp\/v2\/pages"}],"about":[{"href":"https:\/\/www.novakovych59.cz\/index.php?rest_route=\/wp\/v2\/types\/page"}],"author":[{"embeddable":true,"href":"https:\/\/www.novakovych59.cz\/index.php?rest_route=\/wp\/v2\/users\/1"}],"replies":[{"embeddable":true,"href":"https:\/\/www.novakovych59.cz\/index.php?rest_route=%2Fwp%2Fv2%2Fcomments&post=985"}],"version-history":[{"count":2,"href":"https:\/\/www.novakovych59.cz\/index.php?rest_route=\/wp\/v2\/pages\/985\/revisions"}],"predecessor-version":[{"id":989,"href":"https:\/\/www.novakovych59.cz\/index.php?rest_route=\/wp\/v2\/pages\/985\/revisions\/989"}],"wp:attachment":[{"href":"https:\/\/www.novakovych59.cz\/index.php?rest_route=%2Fwp%2Fv2%2Fmedia&parent=985"}],"curies":[{"name":"wp","href":"https:\/\/api.w.org\/{rel}","templated":true}]}}