{"id":96,"date":"2014-07-13T13:51:53","date_gmt":"2014-07-13T11:51:53","guid":{"rendered":"http:\/\/www.novakovych59.cz\/?page_id=96"},"modified":"2014-07-14T20:17:56","modified_gmt":"2014-07-14T18:17:56","slug":"neprijemny-vyskyt-stenic","status":"publish","type":"page","link":"https:\/\/www.novakovych59.cz\/?page_id=96","title":{"rendered":"Nep\u0159\u00edjemn\u00fd v\u00fdskyt  \u0161tenic"},"content":{"rendered":"<p>&nbsp;<\/p>\n<p>Bohu\u017eel ve vchod\u011b \u010d\u00edslo 2 se n\u00e1m vyskytnul tento nep\u0159\u00edjemn\u00fd tvor.<\/p>\n<p>Jak se \u00fa\u010dinn\u011b br\u00e1nit proti tomuto \u0161k\u016fdci naleznete\u00a0<a title=\"Jak se br\u00e1nit proti \u0161t\u011bnic\u00edm\" href=\"http:\/\/www.sury.eu\/blog\/48-jak-se-siri-stenice-uspesne-a-rychle-jak-se-proti-nim-muzete-branit\/\" target=\"_blank\"> zde<\/a><\/p>\n","protected":false},"excerpt":{"rendered":"<p>&nbsp; Bohu\u017eel ve vchod\u011b \u010d\u00edslo 2 se n\u00e1m vyskytnul tento nep\u0159\u00edjemn\u00fd tvor. Jak se \u00fa\u010dinn\u011b br\u00e1nit proti tomuto \u0161k\u016fdci naleznete\u00a0 zde<\/p>\n","protected":false},"author":1,"featured_media":0,"parent":20,"menu_order":3,"comment_status":"open","ping_status":"closed","template":"","meta":{"footnotes":""},"class_list":["post-96","page","type-page","status-publish","hentry"],"_links":{"self":[{"href":"https:\/\/www.novakovych59.cz\/index.php?rest_route=\/wp\/v2\/pages\/96","targetHints":{"allow":["GET"]}}],"collection":[{"href":"https:\/\/www.novakovych59.cz\/index.php?rest_route=\/wp\/v2\/pages"}],"about":[{"href":"https:\/\/www.novakovych59.cz\/index.php?rest_route=\/wp\/v2\/types\/page"}],"author":[{"embeddable":true,"href":"https:\/\/www.novakovych59.cz\/index.php?rest_route=\/wp\/v2\/users\/1"}],"replies":[{"embeddable":true,"href":"https:\/\/www.novakovych59.cz\/index.php?rest_route=%2Fwp%2Fv2%2Fcomments&post=96"}],"version-history":[{"count":2,"href":"https:\/\/www.novakovych59.cz\/index.php?rest_route=\/wp\/v2\/pages\/96\/revisions"}],"predecessor-version":[{"id":192,"href":"https:\/\/www.novakovych59.cz\/index.php?rest_route=\/wp\/v2\/pages\/96\/revisions\/192"}],"up":[{"embeddable":true,"href":"https:\/\/www.novakovych59.cz\/index.php?rest_route=\/wp\/v2\/pages\/20"}],"wp:attachment":[{"href":"https:\/\/www.novakovych59.cz\/index.php?rest_route=%2Fwp%2Fv2%2Fmedia&parent=96"}],"curies":[{"name":"wp","href":"https:\/\/api.w.org\/{rel}","templated":true}]}}