{"id":948,"date":"2020-11-30T13:52:28","date_gmt":"2020-11-30T11:52:28","guid":{"rendered":"https:\/\/www.novakovych59.cz\/?page_id=948"},"modified":"2020-12-01T15:20:14","modified_gmt":"2020-12-01T13:20:14","slug":"hlasovani-mimo-zasedani-c-2020-1","status":"publish","type":"page","link":"https:\/\/www.novakovych59.cz\/?page_id=948","title":{"rendered":"Hlasov\u00e1n\u00ed mimo zased\u00e1n\u00ed  \u010d. 2020-1"},"content":{"rendered":"<p>Dobr\u00fd den v\u0161em,<\/p>\n<p>Z d\u016fvodu vyhl\u00e1\u0161en\u00e9ho vyj\u00edme\u010dn\u00e9ho stavu v \u010cesk\u00e9 republice a d\u00e1le odlo\u017een\u00e9 sch\u016fze vlastn\u00edk\u016f jednotek ze dne 5.10.2020, V\u00e1m zas\u00edl\u00e1me podklady pro hlasov\u00e1n\u00ed per rollam,\u00a0 o kter\u00e9m jsme V\u00e1s d\u0159\u00edve informovali.<\/p>\n<p><a href=\"https:\/\/www.novakovych59.cz\/?attachment_id=951\" rel=\"attachment wp-att-951\"><img loading=\"lazy\" decoding=\"async\" class=\" wp-image-951 aligncenter\" src=\"https:\/\/www.novakovych59.cz\/wp-content\/uploads\/2020\/11\/Hlasovani-per-rollam-2020-1.jpg\" alt=\"\" width=\"693\" height=\"979\" srcset=\"https:\/\/www.novakovych59.cz\/wp-content\/uploads\/2020\/11\/Hlasovani-per-rollam-2020-1.jpg 648w, https:\/\/www.novakovych59.cz\/wp-content\/uploads\/2020\/11\/Hlasovani-per-rollam-2020-1-212x300.jpg 212w, https:\/\/www.novakovych59.cz\/wp-content\/uploads\/2020\/11\/Hlasovani-per-rollam-2020-1-106x150.jpg 106w\" sizes=\"auto, (max-width: 693px) 100vw, 693px\" \/><\/a><\/p>\n<p>&nbsp;<\/p>\n<p>Hlasovac\u00ed l\u00edstek je ke sta\u017een\u00ed<strong> <a href=\"https:\/\/www.novakovych59.cz\/wp-content\/uploads\/2020\/11\/Hlasovac\u00ed-l\u00edstek_2020-1.pdf\">zde<\/a><\/strong><\/p>\n<p>&nbsp;<\/p>\n","protected":false},"excerpt":{"rendered":"<p>Dobr\u00fd den v\u0161em, Z d\u016fvodu vyhl\u00e1\u0161en\u00e9ho vyj\u00edme\u010dn\u00e9ho stavu v \u010cesk\u00e9 republice a d\u00e1le odlo\u017een\u00e9 sch\u016fze vlastn\u00edk\u016f jednotek ze dne 5.10.2020, V\u00e1m zas\u00edl\u00e1me podklady pro hlasov\u00e1n\u00ed per rollam,\u00a0 o kter\u00e9m jsme V\u00e1s d\u0159\u00edve informovali. &nbsp; Hlasovac\u00ed l\u00edstek je ke sta\u017een\u00ed zde &#8230; <a class=\"more-link\" href=\"https:\/\/www.novakovych59.cz\/?page_id=948\">\u010c\u00edst v\u00edce &raquo;<\/a><\/p>\n","protected":false},"author":1,"featured_media":0,"parent":0,"menu_order":0,"comment_status":"closed","ping_status":"closed","template":"","meta":{"footnotes":""},"class_list":["post-948","page","type-page","status-publish","hentry"],"_links":{"self":[{"href":"https:\/\/www.novakovych59.cz\/index.php?rest_route=\/wp\/v2\/pages\/948","targetHints":{"allow":["GET"]}}],"collection":[{"href":"https:\/\/www.novakovych59.cz\/index.php?rest_route=\/wp\/v2\/pages"}],"about":[{"href":"https:\/\/www.novakovych59.cz\/index.php?rest_route=\/wp\/v2\/types\/page"}],"author":[{"embeddable":true,"href":"https:\/\/www.novakovych59.cz\/index.php?rest_route=\/wp\/v2\/users\/1"}],"replies":[{"embeddable":true,"href":"https:\/\/www.novakovych59.cz\/index.php?rest_route=%2Fwp%2Fv2%2Fcomments&post=948"}],"version-history":[{"count":5,"href":"https:\/\/www.novakovych59.cz\/index.php?rest_route=\/wp\/v2\/pages\/948\/revisions"}],"predecessor-version":[{"id":957,"href":"https:\/\/www.novakovych59.cz\/index.php?rest_route=\/wp\/v2\/pages\/948\/revisions\/957"}],"wp:attachment":[{"href":"https:\/\/www.novakovych59.cz\/index.php?rest_route=%2Fwp%2Fv2%2Fmedia&parent=948"}],"curies":[{"name":"wp","href":"https:\/\/api.w.org\/{rel}","templated":true}]}}