{"id":873,"date":"2020-03-27T15:45:01","date_gmt":"2020-03-27T13:45:01","guid":{"rendered":"https:\/\/www.novakovych59.cz\/?page_id=873"},"modified":"2020-03-27T15:45:01","modified_gmt":"2020-03-27T13:45:01","slug":"kontrola-a-cisteni-spalovacich-cest-kominu-2020","status":"publish","type":"page","link":"https:\/\/www.novakovych59.cz\/?page_id=873","title":{"rendered":"Kontrola a \u010di\u0161t\u011bn\u00ed spalovac\u00edch cest \/kom\u00edn\u016f\/ 2020"},"content":{"rendered":"\n<p>Mil\u00ed soused\u00e9 a majitel\u00e9 bytov\u00fdch jednotek, <\/p>\n\n\n\n<p><br \/> Na v\u011bdomost se d\u00e1v\u00e1 \u017ee dne <strong>31.3.2020<\/strong> v na\u0161em dom\u011b prob\u011bhne kontrola kom\u00edn\u016f a n\u00e1sledn\u00fdch spalovac\u00edch cest.<\/p>\n\n\n\n<p>Prohl\u00eddky budou prov\u00e1d\u011bny v jednotliv\u00fdch bytech  od 08:00- 11:00 t\u00e9ho\u017e dne.<\/p>\n\n\n\n<p> Komin\u00edci budou vybaveni respira\u010dn\u00edmi rou\u0161kami a ochrann\u00fdmi rukavicemi z d\u016fvodu krizov\u00e9 situaci s bojem  KOVID-19.  <\/p>\n\n\n\n<figure class=\"wp-block-image\"><img loading=\"lazy\" decoding=\"async\" width=\"768\" height=\"1024\" src=\"https:\/\/www.novakovych59.cz\/wp-content\/uploads\/2020\/03\/Photo-23-03-2020-19-36-08-e1585316528235-768x1024.jpg\" alt=\"\" class=\"wp-image-874\" srcset=\"https:\/\/www.novakovych59.cz\/wp-content\/uploads\/2020\/03\/Photo-23-03-2020-19-36-08-e1585316528235-768x1024.jpg 768w, https:\/\/www.novakovych59.cz\/wp-content\/uploads\/2020\/03\/Photo-23-03-2020-19-36-08-e1585316528235-113x150.jpg 113w, https:\/\/www.novakovych59.cz\/wp-content\/uploads\/2020\/03\/Photo-23-03-2020-19-36-08-e1585316528235-225x300.jpg 225w, https:\/\/www.novakovych59.cz\/wp-content\/uploads\/2020\/03\/Photo-23-03-2020-19-36-08-e1585316528235-940x1253.jpg 940w\" sizes=\"auto, (max-width: 768px) 100vw, 768px\" \/><\/figure>\n","protected":false},"excerpt":{"rendered":"<p>Mil\u00ed soused\u00e9 a majitel\u00e9 bytov\u00fdch jednotek, Na v\u011bdomost se d\u00e1v\u00e1 \u017ee dne 31.3.2020 v na\u0161em dom\u011b prob\u011bhne kontrola kom\u00edn\u016f a n\u00e1sledn\u00fdch spalovac\u00edch cest. Prohl\u00eddky budou prov\u00e1d\u011bny v jednotliv\u00fdch bytech od 08:00- 11:00 t\u00e9ho\u017e dne. Komin\u00edci budou vybaveni respira\u010dn\u00edmi rou\u0161kami a &#8230; <a class=\"more-link\" href=\"https:\/\/www.novakovych59.cz\/?page_id=873\">\u010c\u00edst v\u00edce &raquo;<\/a><\/p>\n","protected":false},"author":1,"featured_media":0,"parent":0,"menu_order":0,"comment_status":"open","ping_status":"closed","template":"","meta":{"footnotes":""},"class_list":["post-873","page","type-page","status-publish","hentry"],"_links":{"self":[{"href":"https:\/\/www.novakovych59.cz\/index.php?rest_route=\/wp\/v2\/pages\/873","targetHints":{"allow":["GET"]}}],"collection":[{"href":"https:\/\/www.novakovych59.cz\/index.php?rest_route=\/wp\/v2\/pages"}],"about":[{"href":"https:\/\/www.novakovych59.cz\/index.php?rest_route=\/wp\/v2\/types\/page"}],"author":[{"embeddable":true,"href":"https:\/\/www.novakovych59.cz\/index.php?rest_route=\/wp\/v2\/users\/1"}],"replies":[{"embeddable":true,"href":"https:\/\/www.novakovych59.cz\/index.php?rest_route=%2Fwp%2Fv2%2Fcomments&post=873"}],"version-history":[{"count":1,"href":"https:\/\/www.novakovych59.cz\/index.php?rest_route=\/wp\/v2\/pages\/873\/revisions"}],"predecessor-version":[{"id":875,"href":"https:\/\/www.novakovych59.cz\/index.php?rest_route=\/wp\/v2\/pages\/873\/revisions\/875"}],"wp:attachment":[{"href":"https:\/\/www.novakovych59.cz\/index.php?rest_route=%2Fwp%2Fv2%2Fmedia&parent=873"}],"curies":[{"name":"wp","href":"https:\/\/api.w.org\/{rel}","templated":true}]}}