{"id":842,"date":"2019-10-27T09:03:08","date_gmt":"2019-10-27T07:03:08","guid":{"rendered":"https:\/\/www.novakovych59.cz\/?page_id=842"},"modified":"2019-10-28T06:56:58","modified_gmt":"2019-10-28T04:56:58","slug":"rozhodnuti-mimo-zasedani-c-2019-1","status":"publish","type":"page","link":"https:\/\/www.novakovych59.cz\/?page_id=842","title":{"rendered":"Rozhodnut\u00ed mimo zased\u00e1n\u00ed \u010d. 2019-1"},"content":{"rendered":"\n<p>Mil\u00ed majitel\u00e9 bytov\u00fdch jednotek,<\/p>\n\n\n\n<p>Aby na\u0161e spole\u010denstv\u00ed mohlo \u0159\u00e1dn\u011b fungovat, je pot\u0159eba uzav\u0159\u00edt smlouvu se spr\u00e1vcem, kter\u00fd bude m\u00edt na starosti spr\u00e1vn\u00ed agendu  na\u0161eho domu.  N\u00e1vrh smlouvy mezi na\u0161\u00edm spole\u010denstv\u00edm a spr\u00e1vcem LBD 8 je <strong><a href=\"https:\/\/www.novakovych59.cz\/wp-content\/uploads\/2019\/10\/59-P\u0159ikazn\u00ed\u00ad-smlouva-na-spr\u00e1vu-2.docx\">zde.<\/a><\/strong><\/p>\n\n\n\n<p>Formul\u00e1\u0159 na  hlasov\u00e1n\u00ed per rollam je ke sta\u017een\u00ed <a href=\"https:\/\/www.novakovych59.cz\/wp-content\/uploads\/2019\/10\/Rozhodnut\u00ed-mimo-zased\u00e1n\u00ed.pdf\"><strong>zde<\/strong><\/a><strong> <\/strong><\/p>\n\n\n\n<p> Pros\u00edm postupujte dle instrukc\u00ed v dan\u00e9m dokumentu a pot\u00e9 jej za\u0161lete mailem, nebo vho\u010fte do schr\u00e1nky na\u0161eho SVJ kter\u00e1 je ozna\u010dena ve vchod\u011b \u010d\u00edslo 2<\/p>\n\n\n\n<p><\/p>\n\n\n\n<p>D\u011bkujeme..<\/p>\n\n\n\n<p>SVj v\u00fdbor<\/p>\n\n\n\n<p><\/p>\n","protected":false},"excerpt":{"rendered":"<p>Mil\u00ed majitel\u00e9 bytov\u00fdch jednotek, Aby na\u0161e spole\u010denstv\u00ed mohlo \u0159\u00e1dn\u011b fungovat, je pot\u0159eba uzav\u0159\u00edt smlouvu se spr\u00e1vcem, kter\u00fd bude m\u00edt na starosti spr\u00e1vn\u00ed agendu na\u0161eho domu. N\u00e1vrh smlouvy mezi na\u0161\u00edm spole\u010denstv\u00edm a spr\u00e1vcem LBD 8 je zde. Formul\u00e1\u0159 na hlasov\u00e1n\u00ed per &#8230; <a class=\"more-link\" href=\"https:\/\/www.novakovych59.cz\/?page_id=842\">\u010c\u00edst v\u00edce &raquo;<\/a><\/p>\n","protected":false},"author":1,"featured_media":0,"parent":0,"menu_order":0,"comment_status":"open","ping_status":"closed","template":"","meta":{"footnotes":""},"class_list":["post-842","page","type-page","status-publish","hentry"],"_links":{"self":[{"href":"https:\/\/www.novakovych59.cz\/index.php?rest_route=\/wp\/v2\/pages\/842","targetHints":{"allow":["GET"]}}],"collection":[{"href":"https:\/\/www.novakovych59.cz\/index.php?rest_route=\/wp\/v2\/pages"}],"about":[{"href":"https:\/\/www.novakovych59.cz\/index.php?rest_route=\/wp\/v2\/types\/page"}],"author":[{"embeddable":true,"href":"https:\/\/www.novakovych59.cz\/index.php?rest_route=\/wp\/v2\/users\/1"}],"replies":[{"embeddable":true,"href":"https:\/\/www.novakovych59.cz\/index.php?rest_route=%2Fwp%2Fv2%2Fcomments&post=842"}],"version-history":[{"count":4,"href":"https:\/\/www.novakovych59.cz\/index.php?rest_route=\/wp\/v2\/pages\/842\/revisions"}],"predecessor-version":[{"id":849,"href":"https:\/\/www.novakovych59.cz\/index.php?rest_route=\/wp\/v2\/pages\/842\/revisions\/849"}],"wp:attachment":[{"href":"https:\/\/www.novakovych59.cz\/index.php?rest_route=%2Fwp%2Fv2%2Fmedia&parent=842"}],"curies":[{"name":"wp","href":"https:\/\/api.w.org\/{rel}","templated":true}]}}