{"id":752,"date":"2019-06-04T19:03:45","date_gmt":"2019-06-04T17:03:45","guid":{"rendered":"http:\/\/www.novakovych59.cz\/?page_id=752"},"modified":"2019-10-30T11:58:20","modified_gmt":"2019-10-30T09:58:20","slug":"pozvanka-na-zakladaci-schuzi-svj-novakovych-59","status":"publish","type":"page","link":"https:\/\/www.novakovych59.cz\/?page_id=752","title":{"rendered":"Pozv\u00e1nka na zakl\u00e1dac\u00ed sch\u016fzi SVJ Nov\u00e1kov\u00fdch 59"},"content":{"rendered":"<p style=\"text-align: center;\">Mil\u00ed vlastn\u00edci bytov\u00fdch jednotek a soused\u00e9,&nbsp;<\/p>\n<p style=\"text-align: center;\">Dovolujeme si V\u00e1s pozvat na zakl\u00e1dac\u00ed sch\u016fzi na\u0161eho SVJ , kter\u00e1 se bude konat dne 19.6.2019 v 18:00 \/st\u0159eda\/ v Z\u0160 Palmovka, ulice Hejdukova 5, Praha 8.<\/p>\n<p style=\"text-align: center;\">Budeme zakl\u00e1dat a registrovat na\u0161e SVJ do OR za p\u0159\u00edtomnosti pan\u00ed not\u00e1\u0159ky.<\/p>\n<p style=\"text-align: center;\">Dle novely&nbsp;&nbsp;z\u00e1kona, &nbsp;pln\u00e1 moc ji\u017e nemus\u00ed b\u00fdti \u00fa\u0159edn\u011b&nbsp;ov\u011b\u0159ena, sta\u010d\u00ed pouze vlastnoru\u010dn\u00ed podpis.&nbsp;<br \/>Proto Va\u0161e \u00fa\u010dast je pros\u00edm velmi \u017e\u00e1douc\u00ed.&nbsp;&nbsp;&nbsp;<\/p>\n<p style=\"text-align: center;\">D\u011bkujeme moc za V\u00e1\u0161 \u010das, velmi si toho v\u00e1\u017e\u00edme.&nbsp;&nbsp;&nbsp;<\/p>\n<p style=\"text-align: center;\">&nbsp;Spozdravem&nbsp;za p\u0159\u00edpravn\u00fd v\u00fdbor&nbsp;&nbsp;&nbsp;&nbsp;&nbsp;&nbsp;&nbsp;<\/p>\n<p style=\"text-align: center;\">Klouda Martin&nbsp;<\/p>\n<p style=\"text-align: center;\">Hru\u0161kov\u00e1 Kristina<\/p>\n<p style=\"text-align: center;\">Milo\u0161 Ben\u00ed\u0161ek<\/p>\n<p style=\"text-align: center;\">Stanislav Hru\u0161ka<\/p>\n<p><\/p>\n<hr \/>\n<p><a href=\"http:\/\/www.novakovych59.cz\/?attachment_id=781\" rel=\"attachment wp-att-781\"><img loading=\"lazy\" decoding=\"async\" width=\"678\" height=\"911\" class=\"aligncenter size-full wp-image-781\" alt=\"\" src=\"http:\/\/www.novakovych59.cz\/wp-content\/uploads\/2019\/06\/Pozvanka-k-zalozen\u00ed-Svj_Novakovych59.jpg\" srcset=\"https:\/\/www.novakovych59.cz\/wp-content\/uploads\/2019\/06\/Pozvanka-k-zalozen\u00ed-Svj_Novakovych59.jpg 678w, https:\/\/www.novakovych59.cz\/wp-content\/uploads\/2019\/06\/Pozvanka-k-zalozen\u00ed-Svj_Novakovych59-112x150.jpg 112w, https:\/\/www.novakovych59.cz\/wp-content\/uploads\/2019\/06\/Pozvanka-k-zalozen\u00ed-Svj_Novakovych59-223x300.jpg 223w\" sizes=\"auto, (max-width: 678px) 100vw, 678px\" \/><\/a><\/p>\n\n\n<p>Navrhovan\u00e9 stanovy naleznete <a href=\"http:\/\/www.novakovych59.cz\/wp-content\/uploads\/2019\/06\/Stanovy-SVJ-Nov\u00e1kov\u00fdch-59.pdf\">zde<\/a><\/p>\n\n\n\n<p>Pln\u00e1 moc je ke sta\u017een\u00ed <a href=\"http:\/\/www.novakovych59.cz\/wp-content\/uploads\/2019\/06\/Pln\u00e1-moc-na-zalo\u017een\u00ed-svj.pdf\">zde<\/a><\/p>\n\n\n\n<p>Z\u00e1pis ze zakl\u00e1daj\u00edc\u00ed sch\u016fze je ke sta\u017een\u00ed <a href=\"https:\/\/www.novakovych59.cz\/wp-content\/uploads\/2019\/10\/SVJ_N59_Z\u00e1pis-ze-shrom\u00e1\u017ed\u011bn\u00ed.pdf\">zde<\/a><\/p>\n","protected":false},"excerpt":{"rendered":"<p>Mil\u00ed vlastn\u00edci bytov\u00fdch jednotek a soused\u00e9,&nbsp; Dovolujeme si V\u00e1s pozvat na zakl\u00e1dac\u00ed sch\u016fzi na\u0161eho SVJ , kter\u00e1 se bude konat dne 19.6.2019 v 18:00 \/st\u0159eda\/ v Z\u0160 Palmovka, ulice Hejdukova 5, Praha 8. Budeme zakl\u00e1dat a registrovat na\u0161e SVJ do &#8230; <a class=\"more-link\" href=\"https:\/\/www.novakovych59.cz\/?page_id=752\">\u010c\u00edst v\u00edce &raquo;<\/a><\/p>\n","protected":false},"author":1,"featured_media":0,"parent":0,"menu_order":0,"comment_status":"open","ping_status":"closed","template":"","meta":{"footnotes":""},"class_list":["post-752","page","type-page","status-publish","hentry"],"_links":{"self":[{"href":"https:\/\/www.novakovych59.cz\/index.php?rest_route=\/wp\/v2\/pages\/752","targetHints":{"allow":["GET"]}}],"collection":[{"href":"https:\/\/www.novakovych59.cz\/index.php?rest_route=\/wp\/v2\/pages"}],"about":[{"href":"https:\/\/www.novakovych59.cz\/index.php?rest_route=\/wp\/v2\/types\/page"}],"author":[{"embeddable":true,"href":"https:\/\/www.novakovych59.cz\/index.php?rest_route=\/wp\/v2\/users\/1"}],"replies":[{"embeddable":true,"href":"https:\/\/www.novakovych59.cz\/index.php?rest_route=%2Fwp%2Fv2%2Fcomments&post=752"}],"version-history":[{"count":25,"href":"https:\/\/www.novakovych59.cz\/index.php?rest_route=\/wp\/v2\/pages\/752\/revisions"}],"predecessor-version":[{"id":851,"href":"https:\/\/www.novakovych59.cz\/index.php?rest_route=\/wp\/v2\/pages\/752\/revisions\/851"}],"wp:attachment":[{"href":"https:\/\/www.novakovych59.cz\/index.php?rest_route=%2Fwp%2Fv2%2Fmedia&parent=752"}],"curies":[{"name":"wp","href":"https:\/\/api.w.org\/{rel}","templated":true}]}}