{"id":678,"date":"2018-06-27T10:45:18","date_gmt":"2018-06-27T08:45:18","guid":{"rendered":"http:\/\/www.novakovych59.cz\/?page_id=678"},"modified":"2018-09-27T12:35:18","modified_gmt":"2018-09-27T10:35:18","slug":"pristupovy-system-prevzeti-elektronickych-cipu","status":"publish","type":"page","link":"https:\/\/www.novakovych59.cz\/?page_id=678","title":{"rendered":"P\u0159\u00edstupov\u00fd syst\u00e9m- p\u0159evzet\u00ed elektronick\u00fdch \u010dip\u016f &#8211; aktualizov\u00e1no"},"content":{"rendered":"<p>Mil\u00ed obyvatel\u00e9 domu,<\/p>\n<p>Na v\u011bdomost se d\u00e1v\u00e1, \u017ee je \u00fasp\u011b\u0161n\u011b dokon\u010den n\u00e1\u0161 p\u0159\u00edstupov\u00fd a kamerov\u00fd \u00a0syst\u00e9m v\u00a0dom\u011b a TK komise je p\u0159ipravena rozdat p\u0159\u00edstupov\u00e9 elektronick\u00e9 kl\u00ed\u010de neboli \u010dipy.<\/p>\n<p>Prvn\u00ed p\u0159ed\u00e1vac\u00ed kolo bude ve \u010dtvrtek <strong>28.6.2018 od 18 do 21 hod, <\/strong>\u00a0<strong>ve vchod\u011b\u00a0\u010d\u00edslo 2<\/strong> \u00a0 <strong>u\u00a0po\u0161tovn\u00edch schr\u00e1nek<\/strong>\u00a0\u00a0abychom mohli vyu\u017e\u00edvat modern\u00ed a komfortn\u00ed\u00a0vstup do na\u0161eho domu,\u00a0ji\u017e \u00a0p\u0159es pr\u00e1zdniny.<\/p>\n<p><strong>Druh\u00e9 kolo rozd\u00e1v\u00e1n\u00ed p\u0159\u00edstupov\u00fdch \u010dip\u016f je mo\u017en\u00e9 \u00a0po telefonick\u00e9 dohod\u011b s panem Hru\u0161kou a vyzvednut\u00ed u n\u011bj ve ve\u010dern\u00edch hodinn\u00e1ch. <\/strong><\/p>\n<p>Pros\u00edme majitel\u00e9 jednotek, kte\u0159\u00ed maj\u00ed ve sv\u00e9m byt\u011b\u00a0 n\u00e1jemn\u00edky,\u00a0 tak\u00a0\u00a0je \u00a0vybavte Va\u0161\u00ed \u00a0plnou moc\u00ed.<\/p>\n<p>Jinak nem\u016f\u017ee b\u00fdti p\u0159\u00edstupov\u00fd \u010dip vyd\u00e1n !<\/p>\n<p>D\u011bkuji za pozornost a hezk\u00fd den p\u0159eji\u2026<\/p>\n<p>Za TK<\/p>\n<p>Stanislav Hru\u0161ka<\/p>\n<p>&nbsp;<\/p>\n","protected":false},"excerpt":{"rendered":"<p>Mil\u00ed obyvatel\u00e9 domu, Na v\u011bdomost se d\u00e1v\u00e1, \u017ee je \u00fasp\u011b\u0161n\u011b dokon\u010den n\u00e1\u0161 p\u0159\u00edstupov\u00fd a kamerov\u00fd \u00a0syst\u00e9m v\u00a0dom\u011b a TK komise je p\u0159ipravena rozdat p\u0159\u00edstupov\u00e9 elektronick\u00e9 kl\u00ed\u010de neboli \u010dipy. Prvn\u00ed p\u0159ed\u00e1vac\u00ed kolo bude ve \u010dtvrtek 28.6.2018 od 18 do 21 hod, &#8230; <a class=\"more-link\" href=\"https:\/\/www.novakovych59.cz\/?page_id=678\">\u010c\u00edst v\u00edce &raquo;<\/a><\/p>\n","protected":false},"author":1,"featured_media":0,"parent":20,"menu_order":0,"comment_status":"open","ping_status":"closed","template":"","meta":{"footnotes":""},"class_list":["post-678","page","type-page","status-publish","hentry"],"_links":{"self":[{"href":"https:\/\/www.novakovych59.cz\/index.php?rest_route=\/wp\/v2\/pages\/678","targetHints":{"allow":["GET"]}}],"collection":[{"href":"https:\/\/www.novakovych59.cz\/index.php?rest_route=\/wp\/v2\/pages"}],"about":[{"href":"https:\/\/www.novakovych59.cz\/index.php?rest_route=\/wp\/v2\/types\/page"}],"author":[{"embeddable":true,"href":"https:\/\/www.novakovych59.cz\/index.php?rest_route=\/wp\/v2\/users\/1"}],"replies":[{"embeddable":true,"href":"https:\/\/www.novakovych59.cz\/index.php?rest_route=%2Fwp%2Fv2%2Fcomments&post=678"}],"version-history":[{"count":7,"href":"https:\/\/www.novakovych59.cz\/index.php?rest_route=\/wp\/v2\/pages\/678\/revisions"}],"predecessor-version":[{"id":699,"href":"https:\/\/www.novakovych59.cz\/index.php?rest_route=\/wp\/v2\/pages\/678\/revisions\/699"}],"up":[{"embeddable":true,"href":"https:\/\/www.novakovych59.cz\/index.php?rest_route=\/wp\/v2\/pages\/20"}],"wp:attachment":[{"href":"https:\/\/www.novakovych59.cz\/index.php?rest_route=%2Fwp%2Fv2%2Fmedia&parent=678"}],"curies":[{"name":"wp","href":"https:\/\/api.w.org\/{rel}","templated":true}]}}