{"id":666,"date":"2018-04-02T20:20:07","date_gmt":"2018-04-02T18:20:07","guid":{"rendered":"http:\/\/www.novakovych59.cz\/?page_id=666"},"modified":"2018-04-02T20:21:51","modified_gmt":"2018-04-02T18:21:51","slug":"kontrola-a-cisteni-spalovacich-cest-2018-zpristupneni-bytu","status":"publish","type":"page","link":"https:\/\/www.novakovych59.cz\/?page_id=666","title":{"rendered":"Kontrola a \u010di\u0161t\u011bn\u00ed spalovac\u00edch cest 2018 \u2013 zp\u0159\u00edstupn\u011bn\u00ed byt\u016f"},"content":{"rendered":"<p>Mil\u00ed soused\u00e9,<\/p>\n<p>Na v\u011bdomost se d\u00e1v\u00e1 \u017ee dne 9.4.2018 v na\u0161em dom\u011b prob\u011bhne kontrola kom\u00edn\u016f a n\u00e1sledn\u00fdch spalovac\u00edch cest.<\/p>\n<p>Podrobn\u011bj\u0161\u00ed informace naleznete zde kliknut\u00edm na odkaz<\/p>\n<p><a href=\"http:\/\/www.novakovych59.cz\/wp-content\/uploads\/2018\/04\/Kontrola-kominu_2018.pdf\" rel=\"attachment wp-att-667\">Kontrola kominu_2018<\/a><\/p>\n","protected":false},"excerpt":{"rendered":"<p>Mil\u00ed soused\u00e9, Na v\u011bdomost se d\u00e1v\u00e1 \u017ee dne 9.4.2018 v na\u0161em dom\u011b prob\u011bhne kontrola kom\u00edn\u016f a n\u00e1sledn\u00fdch spalovac\u00edch cest. Podrobn\u011bj\u0161\u00ed informace naleznete zde kliknut\u00edm na odkaz Kontrola kominu_2018<\/p>\n","protected":false},"author":1,"featured_media":0,"parent":20,"menu_order":0,"comment_status":"closed","ping_status":"closed","template":"","meta":{"footnotes":""},"class_list":["post-666","page","type-page","status-publish","hentry"],"_links":{"self":[{"href":"https:\/\/www.novakovych59.cz\/index.php?rest_route=\/wp\/v2\/pages\/666","targetHints":{"allow":["GET"]}}],"collection":[{"href":"https:\/\/www.novakovych59.cz\/index.php?rest_route=\/wp\/v2\/pages"}],"about":[{"href":"https:\/\/www.novakovych59.cz\/index.php?rest_route=\/wp\/v2\/types\/page"}],"author":[{"embeddable":true,"href":"https:\/\/www.novakovych59.cz\/index.php?rest_route=\/wp\/v2\/users\/1"}],"replies":[{"embeddable":true,"href":"https:\/\/www.novakovych59.cz\/index.php?rest_route=%2Fwp%2Fv2%2Fcomments&post=666"}],"version-history":[{"count":4,"href":"https:\/\/www.novakovych59.cz\/index.php?rest_route=\/wp\/v2\/pages\/666\/revisions"}],"predecessor-version":[{"id":671,"href":"https:\/\/www.novakovych59.cz\/index.php?rest_route=\/wp\/v2\/pages\/666\/revisions\/671"}],"up":[{"embeddable":true,"href":"https:\/\/www.novakovych59.cz\/index.php?rest_route=\/wp\/v2\/pages\/20"}],"wp:attachment":[{"href":"https:\/\/www.novakovych59.cz\/index.php?rest_route=%2Fwp%2Fv2%2Fmedia&parent=666"}],"curies":[{"name":"wp","href":"https:\/\/api.w.org\/{rel}","templated":true}]}}