{"id":639,"date":"2018-03-22T11:19:13","date_gmt":"2018-03-22T09:19:13","guid":{"rendered":"http:\/\/www.novakovych59.cz\/?page_id=639"},"modified":"2018-03-26T21:16:53","modified_gmt":"2018-03-26T19:16:53","slug":"vyzva-k-prevzeti-klicu-od-novych-postovnich-schranek","status":"publish","type":"page","link":"https:\/\/www.novakovych59.cz\/?page_id=639","title":{"rendered":"V\u00fdzva k p\u0159evzet\u00ed kl\u00ed\u010d\u016f od nov\u00fdch po\u0161tovn\u00edch schr\u00e1nek"},"content":{"rendered":"<p>&nbsp;<\/p>\n<p><a href=\"http:\/\/www.novakovych59.cz\/?attachment_id=643\" rel=\"attachment wp-att-643\"><img loading=\"lazy\" decoding=\"async\" class=\"aligncenter size-full wp-image-643\" src=\"http:\/\/www.novakovych59.cz\/wp-content\/uploads\/2018\/03\/Oznameni-nove-postovni-schranky.jpg\" alt=\"\" width=\"904\" height=\"831\" srcset=\"https:\/\/www.novakovych59.cz\/wp-content\/uploads\/2018\/03\/Oznameni-nove-postovni-schranky.jpg 904w, https:\/\/www.novakovych59.cz\/wp-content\/uploads\/2018\/03\/Oznameni-nove-postovni-schranky-150x138.jpg 150w, https:\/\/www.novakovych59.cz\/wp-content\/uploads\/2018\/03\/Oznameni-nove-postovni-schranky-300x276.jpg 300w, https:\/\/www.novakovych59.cz\/wp-content\/uploads\/2018\/03\/Oznameni-nove-postovni-schranky-768x706.jpg 768w\" sizes=\"auto, (max-width: 904px) 100vw, 904px\" \/><\/a><\/p>\n<p>&nbsp;<\/p>\n<p>&nbsp;<\/p>\n<h1><strong>Sch\u00e9ma \u010d\u00edselov\u00e1n\u00ed jednotliv\u00fdch\u00a0schr\u00e1nek <\/strong><\/h1>\n<p>&nbsp;<\/p>\n<p><strong>Vchod 59\/2- prvn\u00ed sloupec z leva<\/strong><\/p>\n<p>&nbsp;<\/p>\n<p><a href=\"http:\/\/www.novakovych59.cz\/wp-content\/uploads\/2018\/03\/59_2_1.pdf\" rel=\"attachment noopener wp-att-657\">K nahl\u00e9dnut\u00ed zde<\/a><\/p>\n<p><a href=\"http:\/\/www.novakovych59.cz\/?attachment_id=656\" rel=\"attachment wp-att-656\">\u00a0<\/a><\/p>\n<p>&nbsp;<\/p>\n<p><strong>Vchod 59\/2- zbytek sloupc\u016f<\/strong><\/p>\n<p>&nbsp;<\/p>\n<p><a href=\"http:\/\/www.novakovych59.cz\/wp-content\/uploads\/2018\/03\/59_2_2.pdf\" rel=\"attachment noopener wp-att-658\">K nahl\u00e9dnut\u00ed zde<\/a><\/p>\n<p>&nbsp;<\/p>\n<p><strong>Vchod 59\/4 komplet<\/strong><\/p>\n<p>&nbsp;<\/p>\n<p><a href=\"http:\/\/www.novakovych59.cz\/wp-content\/uploads\/2018\/03\/59_4.pdf\" rel=\"attachment wp-att-659\">K nahl\u00e9dnut\u00ed zde<\/a><\/p>\n<p>&nbsp;<\/p>\n<h1><span style=\"color: #ff0000;\"><strong>Mal\u00e9 upozorn\u011bn\u00ed na z\u00e1v\u011br&#8230;<\/strong><\/span><\/h1>\n<p>&nbsp;<\/p>\n<p><span style=\"color: #000000;\"> Pokud n\u011bkter\u00fd majitel bytov\u00e9 jednotky nem\u016f\u017ee vyzvednout kl\u00ed\u010de osobn\u011b, pros\u00edm\u00a0 o poskytnut\u00ed pln\u00e9 moci \u00a0sv\u00e9mu z\u00e1stupci \u00a0\u010di dan\u00e9mu \u00a0podn\u00e1jem\u00edkovi..<\/span><\/p>\n<p>P\u0159edejdeme t\u00edmto k r\u016fzn\u00fdm nedorozum\u011bn\u00edm, kdo kl\u00ed\u010de obdr\u017eel.<\/p>\n<p><span style=\"color: #000000;\">D\u011bkujeme za pochopen\u00ed..<\/span><\/p>\n<p>TK<\/p>\n","protected":false},"excerpt":{"rendered":"<p>&nbsp; &nbsp; &nbsp; Sch\u00e9ma \u010d\u00edselov\u00e1n\u00ed jednotliv\u00fdch\u00a0schr\u00e1nek &nbsp; Vchod 59\/2- prvn\u00ed sloupec z leva &nbsp; K nahl\u00e9dnut\u00ed zde \u00a0 &nbsp; Vchod 59\/2- zbytek sloupc\u016f &nbsp; K nahl\u00e9dnut\u00ed zde &nbsp; Vchod 59\/4 komplet &nbsp; K nahl\u00e9dnut\u00ed zde &nbsp; Mal\u00e9 upozorn\u011bn\u00ed na z\u00e1v\u011br&#8230; &#8230; <a class=\"more-link\" href=\"https:\/\/www.novakovych59.cz\/?page_id=639\">\u010c\u00edst v\u00edce &raquo;<\/a><\/p>\n","protected":false},"author":1,"featured_media":0,"parent":20,"menu_order":0,"comment_status":"open","ping_status":"closed","template":"","meta":{"footnotes":""},"class_list":["post-639","page","type-page","status-publish","hentry"],"_links":{"self":[{"href":"https:\/\/www.novakovych59.cz\/index.php?rest_route=\/wp\/v2\/pages\/639","targetHints":{"allow":["GET"]}}],"collection":[{"href":"https:\/\/www.novakovych59.cz\/index.php?rest_route=\/wp\/v2\/pages"}],"about":[{"href":"https:\/\/www.novakovych59.cz\/index.php?rest_route=\/wp\/v2\/types\/page"}],"author":[{"embeddable":true,"href":"https:\/\/www.novakovych59.cz\/index.php?rest_route=\/wp\/v2\/users\/1"}],"replies":[{"embeddable":true,"href":"https:\/\/www.novakovych59.cz\/index.php?rest_route=%2Fwp%2Fv2%2Fcomments&post=639"}],"version-history":[{"count":12,"href":"https:\/\/www.novakovych59.cz\/index.php?rest_route=\/wp\/v2\/pages\/639\/revisions"}],"predecessor-version":[{"id":664,"href":"https:\/\/www.novakovych59.cz\/index.php?rest_route=\/wp\/v2\/pages\/639\/revisions\/664"}],"up":[{"embeddable":true,"href":"https:\/\/www.novakovych59.cz\/index.php?rest_route=\/wp\/v2\/pages\/20"}],"wp:attachment":[{"href":"https:\/\/www.novakovych59.cz\/index.php?rest_route=%2Fwp%2Fv2%2Fmedia&parent=639"}],"curies":[{"name":"wp","href":"https:\/\/api.w.org\/{rel}","templated":true}]}}