{"id":630,"date":"2018-01-23T11:52:23","date_gmt":"2018-01-23T09:52:23","guid":{"rendered":"http:\/\/www.novakovych59.cz\/?page_id=630"},"modified":"2018-09-14T12:18:05","modified_gmt":"2018-09-14T10:18:05","slug":"schuze-vlastniku-bytovych-jednotek-12018","status":"publish","type":"page","link":"https:\/\/www.novakovych59.cz\/?page_id=630","title":{"rendered":"Sch\u016fze vlastn\u00edk\u016f bytov\u00fdch jednotek 1\/2018"},"content":{"rendered":"<p>Dovoluji si V\u00e1m ozn\u00e1mit, \u017ee prvn\u00ed\u00a0 sch\u016fze vlastn\u00edk\u016f v roce 2018\u00a0 bude dne\u00a0 25.1.2018 v 18:00 v\u00a0 Z\u0160 Zenklova, vchod z ulice Hejdukova.<\/p>\n<p><a href=\"http:\/\/www.novakovych59.cz\/?attachment_id=634\" rel=\"attachment wp-att-634\"><img loading=\"lazy\" decoding=\"async\" class=\"aligncenter size-full wp-image-634\" src=\"http:\/\/www.novakovych59.cz\/wp-content\/uploads\/2018\/01\/Sch\u016fze-1_2018.jpg\" alt=\"\" width=\"1654\" height=\"2338\" srcset=\"https:\/\/www.novakovych59.cz\/wp-content\/uploads\/2018\/01\/Sch\u016fze-1_2018.jpg 1654w, https:\/\/www.novakovych59.cz\/wp-content\/uploads\/2018\/01\/Sch\u016fze-1_2018-106x150.jpg 106w, https:\/\/www.novakovych59.cz\/wp-content\/uploads\/2018\/01\/Sch\u016fze-1_2018-212x300.jpg 212w, https:\/\/www.novakovych59.cz\/wp-content\/uploads\/2018\/01\/Sch\u016fze-1_2018-768x1086.jpg 768w, https:\/\/www.novakovych59.cz\/wp-content\/uploads\/2018\/01\/Sch\u016fze-1_2018-724x1024.jpg 724w, https:\/\/www.novakovych59.cz\/wp-content\/uploads\/2018\/01\/Sch\u016fze-1_2018-940x1329.jpg 940w\" sizes=\"auto, (max-width: 1654px) 100vw, 1654px\" \/><\/a><\/p>\n<p>Z\u00e1pis ze sch\u016fze je k nahl\u00e9dnut\u00ed\u00a0 <a href=\"http:\/\/www.novakovych59.cz\/wp-content\/uploads\/2018\/09\/Schuze_2018_1.pdf\">zde<\/a><\/p>\n","protected":false},"excerpt":{"rendered":"<p>Dovoluji si V\u00e1m ozn\u00e1mit, \u017ee prvn\u00ed\u00a0 sch\u016fze vlastn\u00edk\u016f v roce 2018\u00a0 bude dne\u00a0 25.1.2018 v 18:00 v\u00a0 Z\u0160 Zenklova, vchod z ulice Hejdukova. Z\u00e1pis ze sch\u016fze je k nahl\u00e9dnut\u00ed\u00a0 zde<\/p>\n","protected":false},"author":1,"featured_media":0,"parent":0,"menu_order":0,"comment_status":"closed","ping_status":"closed","template":"","meta":{"footnotes":""},"class_list":["post-630","page","type-page","status-publish","hentry"],"_links":{"self":[{"href":"https:\/\/www.novakovych59.cz\/index.php?rest_route=\/wp\/v2\/pages\/630","targetHints":{"allow":["GET"]}}],"collection":[{"href":"https:\/\/www.novakovych59.cz\/index.php?rest_route=\/wp\/v2\/pages"}],"about":[{"href":"https:\/\/www.novakovych59.cz\/index.php?rest_route=\/wp\/v2\/types\/page"}],"author":[{"embeddable":true,"href":"https:\/\/www.novakovych59.cz\/index.php?rest_route=\/wp\/v2\/users\/1"}],"replies":[{"embeddable":true,"href":"https:\/\/www.novakovych59.cz\/index.php?rest_route=%2Fwp%2Fv2%2Fcomments&post=630"}],"version-history":[{"count":7,"href":"https:\/\/www.novakovych59.cz\/index.php?rest_route=\/wp\/v2\/pages\/630\/revisions"}],"predecessor-version":[{"id":694,"href":"https:\/\/www.novakovych59.cz\/index.php?rest_route=\/wp\/v2\/pages\/630\/revisions\/694"}],"wp:attachment":[{"href":"https:\/\/www.novakovych59.cz\/index.php?rest_route=%2Fwp%2Fv2%2Fmedia&parent=630"}],"curies":[{"name":"wp","href":"https:\/\/api.w.org\/{rel}","templated":true}]}}