{"id":623,"date":"2017-09-27T20:16:16","date_gmt":"2017-09-27T18:16:16","guid":{"rendered":"http:\/\/www.novakovych59.cz\/?page_id=623"},"modified":"2017-09-27T20:16:16","modified_gmt":"2017-09-27T18:16:16","slug":"oprava-dolni-fasady-domu-a-vymena-vyloh-v-nebytovych-prostorech","status":"publish","type":"page","link":"https:\/\/www.novakovych59.cz\/?page_id=623","title":{"rendered":"Oprava doln\u00ed  fas\u00e1dy domu a v\u00fdm\u011bna v\u00fdloh v nebytov\u00fdch prostorech"},"content":{"rendered":"<p>Mil\u00ed obyvatel\u00e9 domu,<\/p>\n<p>V\u010dera jste obdr\u017eeli ve sv\u00fdch po\u0161tovn\u00edch schr\u00e1nk\u00e1ch\u00a0tuto informaci o pl\u00e1novan\u00e9 rekonstrukci..<\/p>\n<p>TK\u00a0 dnes vznesla dotaz na \u0159editelku LDB8 prost\u0159ednictv\u00edm emailu, \u00a0kdo tuto rekonstrukci bude vlastn\u011b hradit.\u00a0 Dostala se n\u00e1m zat\u00edm pouze nepotvrzen\u00e1\u00a0\u00a0informace, \u00a0\u017ee samo LBD8, ale zat\u00edm to nem\u00e1me potvrzen\u00e9. Jakmile obdr\u017e\u00edme tuto informaci, obratem d\u00e1me v\u011bd\u011bt.<\/p>\n<p><a href=\"http:\/\/www.novakovych59.cz\/?attachment_id=625\" rel=\"attachment wp-att-625\"><img loading=\"lazy\" decoding=\"async\" class=\"aligncenter size-full wp-image-625\" src=\"http:\/\/www.novakovych59.cz\/wp-content\/uploads\/2017\/09\/Rekonstrukce-fasady.jpg\" alt=\"\" width=\"601\" height=\"850\" srcset=\"https:\/\/www.novakovych59.cz\/wp-content\/uploads\/2017\/09\/Rekonstrukce-fasady.jpg 601w, https:\/\/www.novakovych59.cz\/wp-content\/uploads\/2017\/09\/Rekonstrukce-fasady-106x150.jpg 106w, https:\/\/www.novakovych59.cz\/wp-content\/uploads\/2017\/09\/Rekonstrukce-fasady-212x300.jpg 212w\" sizes=\"auto, (max-width: 601px) 100vw, 601px\" \/><\/a><\/p>\n<p>S pozdravem,<\/p>\n<p>TK \u00a0domu<\/p>\n","protected":false},"excerpt":{"rendered":"<p>Mil\u00ed obyvatel\u00e9 domu, V\u010dera jste obdr\u017eeli ve sv\u00fdch po\u0161tovn\u00edch schr\u00e1nk\u00e1ch\u00a0tuto informaci o pl\u00e1novan\u00e9 rekonstrukci.. TK\u00a0 dnes vznesla dotaz na \u0159editelku LDB8 prost\u0159ednictv\u00edm emailu, \u00a0kdo tuto rekonstrukci bude vlastn\u011b hradit.\u00a0 Dostala se n\u00e1m zat\u00edm pouze nepotvrzen\u00e1\u00a0\u00a0informace, \u00a0\u017ee samo LBD8, ale zat\u00edm &#8230; <a class=\"more-link\" href=\"https:\/\/www.novakovych59.cz\/?page_id=623\">\u010c\u00edst v\u00edce &raquo;<\/a><\/p>\n","protected":false},"author":1,"featured_media":0,"parent":20,"menu_order":0,"comment_status":"open","ping_status":"closed","template":"","meta":{"footnotes":""},"class_list":["post-623","page","type-page","status-publish","hentry"],"_links":{"self":[{"href":"https:\/\/www.novakovych59.cz\/index.php?rest_route=\/wp\/v2\/pages\/623","targetHints":{"allow":["GET"]}}],"collection":[{"href":"https:\/\/www.novakovych59.cz\/index.php?rest_route=\/wp\/v2\/pages"}],"about":[{"href":"https:\/\/www.novakovych59.cz\/index.php?rest_route=\/wp\/v2\/types\/page"}],"author":[{"embeddable":true,"href":"https:\/\/www.novakovych59.cz\/index.php?rest_route=\/wp\/v2\/users\/1"}],"replies":[{"embeddable":true,"href":"https:\/\/www.novakovych59.cz\/index.php?rest_route=%2Fwp%2Fv2%2Fcomments&post=623"}],"version-history":[{"count":1,"href":"https:\/\/www.novakovych59.cz\/index.php?rest_route=\/wp\/v2\/pages\/623\/revisions"}],"predecessor-version":[{"id":626,"href":"https:\/\/www.novakovych59.cz\/index.php?rest_route=\/wp\/v2\/pages\/623\/revisions\/626"}],"up":[{"embeddable":true,"href":"https:\/\/www.novakovych59.cz\/index.php?rest_route=\/wp\/v2\/pages\/20"}],"wp:attachment":[{"href":"https:\/\/www.novakovych59.cz\/index.php?rest_route=%2Fwp%2Fv2%2Fmedia&parent=623"}],"curies":[{"name":"wp","href":"https:\/\/api.w.org\/{rel}","templated":true}]}}