{"id":590,"date":"2017-01-05T14:53:16","date_gmt":"2017-01-05T12:53:16","guid":{"rendered":"http:\/\/www.novakovych59.cz\/?page_id=590"},"modified":"2017-09-26T17:55:30","modified_gmt":"2017-09-26T15:55:30","slug":"schuze-vlastniku-bytovych-jednotek-12017","status":"publish","type":"page","link":"https:\/\/www.novakovych59.cz\/?page_id=590","title":{"rendered":"Sch\u016fze vlastn\u00edk\u016f bytov\u00fdch jednotek 1\/2017"},"content":{"rendered":"<p>Mil\u00ed vlastn\u00edci bytov\u00fdch jednotek,<\/p>\n<p>Dovoluji si V\u00e1m ozn\u00e1mit, \u017ee prvn\u00ed\u00a0 sch\u016fze vlastn\u00edk\u016f v roce 2017\u00a0 bude dne\u00a0 12.1.2017 v 18:00 v\u00a0 Z\u0160 Zenklova, vchod z ulice Hejdukova.<\/p>\n<p>Program k jedn\u00e1n\u00ed je zde:<\/p>\n<p><a href=\"http:\/\/www.novakovych59.cz\/?attachment_id=592\" rel=\"attachment wp-att-592\"><img loading=\"lazy\" decoding=\"async\" class=\"aligncenter size-full wp-image-592\" src=\"http:\/\/www.novakovych59.cz\/wp-content\/uploads\/2017\/01\/Schuze1_2017.jpg\" alt=\"schuze_1_2017\" width=\"690\" height=\"969\" srcset=\"https:\/\/www.novakovych59.cz\/wp-content\/uploads\/2017\/01\/Schuze1_2017.jpg 690w, https:\/\/www.novakovych59.cz\/wp-content\/uploads\/2017\/01\/Schuze1_2017-107x150.jpg 107w, https:\/\/www.novakovych59.cz\/wp-content\/uploads\/2017\/01\/Schuze1_2017-214x300.jpg 214w\" sizes=\"auto, (max-width: 690px) 100vw, 690px\" \/><\/a><\/p>\n<p>&nbsp;<\/p>\n<p>Z\u00e1pis ze sch\u016fze je k nahl\u00e9dnut\u00ed <a href=\"http:\/\/www.novakovych59.cz\/wp-content\/uploads\/2017\/09\/Schuze_1_2017.pdf\">zde<\/a><\/p>\n<p>&nbsp;<\/p>\n","protected":false},"excerpt":{"rendered":"<p>Mil\u00ed vlastn\u00edci bytov\u00fdch jednotek, Dovoluji si V\u00e1m ozn\u00e1mit, \u017ee prvn\u00ed\u00a0 sch\u016fze vlastn\u00edk\u016f v roce 2017\u00a0 bude dne\u00a0 12.1.2017 v 18:00 v\u00a0 Z\u0160 Zenklova, vchod z ulice Hejdukova. Program k jedn\u00e1n\u00ed je zde: &nbsp; Z\u00e1pis ze sch\u016fze je k nahl\u00e9dnut\u00ed zde &#8230; <a class=\"more-link\" href=\"https:\/\/www.novakovych59.cz\/?page_id=590\">\u010c\u00edst v\u00edce &raquo;<\/a><\/p>\n","protected":false},"author":1,"featured_media":0,"parent":20,"menu_order":0,"comment_status":"closed","ping_status":"closed","template":"","meta":{"footnotes":""},"class_list":["post-590","page","type-page","status-publish","hentry"],"_links":{"self":[{"href":"https:\/\/www.novakovych59.cz\/index.php?rest_route=\/wp\/v2\/pages\/590","targetHints":{"allow":["GET"]}}],"collection":[{"href":"https:\/\/www.novakovych59.cz\/index.php?rest_route=\/wp\/v2\/pages"}],"about":[{"href":"https:\/\/www.novakovych59.cz\/index.php?rest_route=\/wp\/v2\/types\/page"}],"author":[{"embeddable":true,"href":"https:\/\/www.novakovych59.cz\/index.php?rest_route=\/wp\/v2\/users\/1"}],"replies":[{"embeddable":true,"href":"https:\/\/www.novakovych59.cz\/index.php?rest_route=%2Fwp%2Fv2%2Fcomments&post=590"}],"version-history":[{"count":5,"href":"https:\/\/www.novakovych59.cz\/index.php?rest_route=\/wp\/v2\/pages\/590\/revisions"}],"predecessor-version":[{"id":620,"href":"https:\/\/www.novakovych59.cz\/index.php?rest_route=\/wp\/v2\/pages\/590\/revisions\/620"}],"up":[{"embeddable":true,"href":"https:\/\/www.novakovych59.cz\/index.php?rest_route=\/wp\/v2\/pages\/20"}],"wp:attachment":[{"href":"https:\/\/www.novakovych59.cz\/index.php?rest_route=%2Fwp%2Fv2%2Fmedia&parent=590"}],"curies":[{"name":"wp","href":"https:\/\/api.w.org\/{rel}","templated":true}]}}