{"id":586,"date":"2016-12-19T12:02:42","date_gmt":"2016-12-19T10:02:42","guid":{"rendered":"http:\/\/www.novakovych59.cz\/?page_id=586"},"modified":"2016-12-19T12:02:42","modified_gmt":"2016-12-19T10:02:42","slug":"sousedske-puncove-setkani-2016","status":"publish","type":"page","link":"https:\/\/www.novakovych59.cz\/?page_id=586","title":{"rendered":"Sousedsk\u00e9 pun\u010dov\u00e9 setk\u00e1n\u00ed 2016"},"content":{"rendered":"<address>\n<p class=\"wpview-selection-after\">\u00a0<a href=\"http:\/\/www.novakovych59.cz\/wp-content\/uploads\/2014\/12\/sousedi.jpg\"><img loading=\"lazy\" decoding=\"async\" class=\"size-full wp-image-323 alignleft\" src=\"http:\/\/www.novakovych59.cz\/wp-content\/uploads\/2014\/12\/sousedi.jpg\" alt=\"sousedi\" width=\"120\" height=\"140\" \/><\/a><\/p>\n<p><strong>Mil\u00ed sousedi a p\u0159\u00e1tel\u00e9,<\/strong><\/p>\n<p><strong>Dovolte n\u00e1m, nav\u00e1zat na d\u00e1vn\u00e9 zvyky na\u0161ich p\u0159edk\u016f, kte\u0159\u00ed se spole\u010dn\u011b sch\u00e1zeli k r\u016fzn\u00fdm p\u0159\u00edle\u017eitostem v na\u0161em dom\u011b a r\u00e1di bychom obnovili ji\u017e tuto d\u00e1vnou zapomenutou tradici.<\/strong><\/p>\n<p><strong>\u00a0Prvn\u00ed sousedsk\u00e9 op\u011btovn\u00e9 setk\u00e1n\u00ed prob\u011bhlo ji\u017e v roce 2014\u00a0 a n\u00e1sleduj\u00edc\u00edm roce 2015 a douf\u00e1me, \u017ee se p\u0159\u00edtomn\u00fdm soused\u016fm l\u00edbilo.<\/strong><\/p>\n<p><strong>A tak bychom si dovolili op\u011bt uspo\u0159\u00e1dat dal\u0161\u00ed ro\u010dn\u00edk Sousedsk\u00e9ho pun\u010dov\u00e9ho setk\u00e1n\u00ed 2016, na kter\u00e9 jste samoz\u0159ejm\u011b srde\u010dn\u011b zv\u00e1ni.<\/strong><\/p>\n<p><strong>\u00a0Toto setk\u00e1n\u00ed, se bude konat dne <span style=\"color: #ff0000;\">22.12.2016 \/\u010dtvrtek\/ od 18:00 hodin<\/span> ve vchod\u011b \u010d\u00edslo 59\/2 v p\u00e1t\u00e9m pat\u0159e na spole\u010dn\u00e9 chodb\u011b u v\u00fdtahu.<\/strong><\/p>\n<p><strong>\u00a0R\u00e1di bychom utu\u017eovali nad\u00e1le na\u0161e sousedsk\u00e9 vztahy, kter\u00e9 se posledn\u00ed dobou hodn\u011b\u00a0 zlep\u0161ili a tak bychom r\u00e1di pokra\u010dovali v tomto pozitivn\u00edm trendu nad\u00e1le.<\/strong><\/p>\n<p><strong>V\u0161ichni majitel\u00e9 bytov\u00fdch jednotek jsou srde\u010dn\u011b v\u00edt\u00e1ni.<\/strong><\/p>\n<p><strong>Kl\u00ed\u010d ze vchodu \u010d\u00edslo 59\/4 je stejn\u00fd i do vchodu \u010d\u00edslo 59\/2 tak\u017ee nemus\u00edte m\u00edt obavy, \u017ee se sem nedostanete.<\/strong><\/p>\n<p><strong>\u00a0Ps: Hrne\u010dky pros\u00edm sebou a m\u016f\u017eete se pochlubit Va\u0161imi cukr\u00e1\u0159sk\u00fdmi v\u00fdrobky :-)))<\/strong><\/p>\n<p><strong>\u00a0<\/strong><\/p>\n<p><strong>Man\u017eel\u00e9 Hru\u0161kovi a ostatn\u00ed soused\u00e9 \ud83d\ude42<\/strong><\/p>\n<p><strong><span style=\"color: #000000;\">\u00a0<\/span><\/strong><\/p>\n<\/address>\n","protected":false},"excerpt":{"rendered":"<p>\u00a0 Mil\u00ed sousedi a p\u0159\u00e1tel\u00e9, Dovolte n\u00e1m, nav\u00e1zat na d\u00e1vn\u00e9 zvyky na\u0161ich p\u0159edk\u016f, kte\u0159\u00ed se spole\u010dn\u011b sch\u00e1zeli k r\u016fzn\u00fdm p\u0159\u00edle\u017eitostem v na\u0161em dom\u011b a r\u00e1di bychom obnovili ji\u017e tuto d\u00e1vnou zapomenutou tradici. \u00a0Prvn\u00ed sousedsk\u00e9 op\u011btovn\u00e9 setk\u00e1n\u00ed prob\u011bhlo ji\u017e v roce &#8230; <a class=\"more-link\" href=\"https:\/\/www.novakovych59.cz\/?page_id=586\">\u010c\u00edst v\u00edce &raquo;<\/a><\/p>\n","protected":false},"author":1,"featured_media":0,"parent":0,"menu_order":0,"comment_status":"closed","ping_status":"closed","template":"","meta":{"footnotes":""},"class_list":["post-586","page","type-page","status-publish","hentry"],"_links":{"self":[{"href":"https:\/\/www.novakovych59.cz\/index.php?rest_route=\/wp\/v2\/pages\/586","targetHints":{"allow":["GET"]}}],"collection":[{"href":"https:\/\/www.novakovych59.cz\/index.php?rest_route=\/wp\/v2\/pages"}],"about":[{"href":"https:\/\/www.novakovych59.cz\/index.php?rest_route=\/wp\/v2\/types\/page"}],"author":[{"embeddable":true,"href":"https:\/\/www.novakovych59.cz\/index.php?rest_route=\/wp\/v2\/users\/1"}],"replies":[{"embeddable":true,"href":"https:\/\/www.novakovych59.cz\/index.php?rest_route=%2Fwp%2Fv2%2Fcomments&post=586"}],"version-history":[{"count":1,"href":"https:\/\/www.novakovych59.cz\/index.php?rest_route=\/wp\/v2\/pages\/586\/revisions"}],"predecessor-version":[{"id":587,"href":"https:\/\/www.novakovych59.cz\/index.php?rest_route=\/wp\/v2\/pages\/586\/revisions\/587"}],"wp:attachment":[{"href":"https:\/\/www.novakovych59.cz\/index.php?rest_route=%2Fwp%2Fv2%2Fmedia&parent=586"}],"curies":[{"name":"wp","href":"https:\/\/api.w.org\/{rel}","templated":true}]}}