{"id":557,"date":"2016-06-23T10:24:38","date_gmt":"2016-06-23T08:24:38","guid":{"rendered":"http:\/\/www.novakovych59.cz\/?page_id=557"},"modified":"2016-06-23T21:56:33","modified_gmt":"2016-06-23T19:56:33","slug":"servis-oken","status":"publish","type":"page","link":"https:\/\/www.novakovych59.cz\/?page_id=557","title":{"rendered":"Servis Oken"},"content":{"rendered":"<p>Mil\u00ed soused\u00e9,<\/p>\n<p>Zde je informace ohledn\u011b se\u0159\u00edzen\u00ed oken v na\u0161em dom\u011b. Jsou zat\u00edm dva term\u00edny.<\/p>\n<p>&nbsp;<\/p>\n<p><span style=\"text-decoration: underline;\">Seznam p\u0159ihl\u00e1\u0161en\u00fdch z\u00e1jemc\u016f<\/span><\/p>\n<p><strong>\u00a0Vchod \u010d\u00edslo 2<\/strong><\/p>\n<p>Ben\u00ed\u0161ek Milo\u0161, \u010d\u00edslo bytu 12<\/p>\n<p>Bucha Petr, \u010d\u00edslo bytu 55<\/p>\n<p>Hru\u0161kov\u00e1 Kristina, \u010d\u00edslo bytu 54<\/p>\n<p>Nov\u00e1kov\u00e1 Marcela,\u010d\u00edslo bytu 69<\/p>\n<p>Karschallov\u00e1, patro 3<\/p>\n<p>Km\u00ednek Miroslav, \u010d\u00edslo bytu 42<\/p>\n<p>K\u0159ivsk\u00fd Milan, \u010d\u00edslo bytu 72<\/p>\n<p>Lenfeld Ji\u0159\u00ed ,\u010d\u00edslo bytu 70<\/p>\n<p>\u0160iml Zbyn\u011bk,\u00a0 \u010d\u00edslo bytu 56<\/p>\n<p>\u0160tumpov\u00e1 Old\u0159i\u0161ka, \u010d\u00edslo bytu 44<\/p>\n<p>\u0158erichov\u00e1 Lenka, \u010d\u00edslo bytu 71<\/p>\n<p>Moty\u010dkov\u00e1 Zuzana, \u010d\u00edslo bytu\u00a0 43<\/p>\n<p><strong>Vchod \u010d\u00edslo 4<\/strong><\/p>\n<p>Gottvaldov\u00e1 Lenka, \u010d\u00edslo bytu 51<\/p>\n<p>Gorzo Alexander, \u010d\u00edslo bytu 22<\/p>\n<p>Kadle\u010dkov\u00e1 Pavla, (n\u00e1jemce bytu pan\u00ed\u00a0Novotn\u00e1 Jana)\u00a0\u010d\u00edslo bytu 79<\/p>\n<p><span style=\"font-family: Tahoma; font-size: small;\">K\u0159e\u010dek Josef, 4. patro, \u010d\u00edslo bytu 47 <\/span><\/p>\n<p>Kosm\u00e1k Petr, 5.patro, \u010d\u00edslo bytu 62<\/p>\n<p>Teskov\u00e1 Jarka, \u010d\u00edslo bytu 24<\/p>\n<p><span style=\"font-family: Tahoma; font-size: small;\">Sojkov\u00e1 Veronika, 1.patro, \u010d\u00edslo bytu 6<\/span><\/p>\n<p>\u0160\u00e1franek Ji\u0159\u00ed, 5.patro, \u010d\u00edslo bytu 61<\/p>\n<p>Porubsk\u00e1 Anna \u00a0,byt \u010d\u00edslo 19 a 36<\/p>\n<p>Hrstkov\u00e1 Eva, byt \u010d\u00edslo 39<\/p>\n<p>Sladk\u00e1 Michaela , byt \u010d\u00edslo\u00a064\u00a0\/\u00a05.p- term\u00edn 27.6.2016<\/p>\n<p>&nbsp;<\/p>\n<p>&nbsp;<\/p>\n<p><a href=\"http:\/\/www.novakovych59.cz\/wp-content\/uploads\/2016\/06\/photo-15.06.16-7-32-34.jpg\"><img loading=\"lazy\" decoding=\"async\" class=\"aligncenter size-full wp-image-558\" src=\"http:\/\/www.novakovych59.cz\/wp-content\/uploads\/2016\/06\/photo-15.06.16-7-32-34.jpg\" alt=\"photo 15.06.16 7 32 34\" width=\"2448\" height=\"3264\" srcset=\"https:\/\/www.novakovych59.cz\/wp-content\/uploads\/2016\/06\/photo-15.06.16-7-32-34.jpg 2448w, https:\/\/www.novakovych59.cz\/wp-content\/uploads\/2016\/06\/photo-15.06.16-7-32-34-113x150.jpg 113w, https:\/\/www.novakovych59.cz\/wp-content\/uploads\/2016\/06\/photo-15.06.16-7-32-34-225x300.jpg 225w, https:\/\/www.novakovych59.cz\/wp-content\/uploads\/2016\/06\/photo-15.06.16-7-32-34-768x1024.jpg 768w, https:\/\/www.novakovych59.cz\/wp-content\/uploads\/2016\/06\/photo-15.06.16-7-32-34-600x800.jpg 600w\" sizes=\"auto, (max-width: 2448px) 100vw, 2448px\" \/><\/a><\/p>\n","protected":false},"excerpt":{"rendered":"<p>Mil\u00ed soused\u00e9, Zde je informace ohledn\u011b se\u0159\u00edzen\u00ed oken v na\u0161em dom\u011b. Jsou zat\u00edm dva term\u00edny. &nbsp; Seznam p\u0159ihl\u00e1\u0161en\u00fdch z\u00e1jemc\u016f \u00a0Vchod \u010d\u00edslo 2 Ben\u00ed\u0161ek Milo\u0161, \u010d\u00edslo bytu 12 Bucha Petr, \u010d\u00edslo bytu 55 Hru\u0161kov\u00e1 Kristina, \u010d\u00edslo bytu 54 Nov\u00e1kov\u00e1 Marcela,\u010d\u00edslo bytu &#8230; <a class=\"more-link\" href=\"https:\/\/www.novakovych59.cz\/?page_id=557\">\u010c\u00edst v\u00edce &raquo;<\/a><\/p>\n","protected":false},"author":1,"featured_media":0,"parent":0,"menu_order":0,"comment_status":"open","ping_status":"closed","template":"","meta":{"footnotes":""},"class_list":["post-557","page","type-page","status-publish","hentry"],"_links":{"self":[{"href":"https:\/\/www.novakovych59.cz\/index.php?rest_route=\/wp\/v2\/pages\/557","targetHints":{"allow":["GET"]}}],"collection":[{"href":"https:\/\/www.novakovych59.cz\/index.php?rest_route=\/wp\/v2\/pages"}],"about":[{"href":"https:\/\/www.novakovych59.cz\/index.php?rest_route=\/wp\/v2\/types\/page"}],"author":[{"embeddable":true,"href":"https:\/\/www.novakovych59.cz\/index.php?rest_route=\/wp\/v2\/users\/1"}],"replies":[{"embeddable":true,"href":"https:\/\/www.novakovych59.cz\/index.php?rest_route=%2Fwp%2Fv2%2Fcomments&post=557"}],"version-history":[{"count":5,"href":"https:\/\/www.novakovych59.cz\/index.php?rest_route=\/wp\/v2\/pages\/557\/revisions"}],"predecessor-version":[{"id":566,"href":"https:\/\/www.novakovych59.cz\/index.php?rest_route=\/wp\/v2\/pages\/557\/revisions\/566"}],"wp:attachment":[{"href":"https:\/\/www.novakovych59.cz\/index.php?rest_route=%2Fwp%2Fv2%2Fmedia&parent=557"}],"curies":[{"name":"wp","href":"https:\/\/api.w.org\/{rel}","templated":true}]}}