{"id":551,"date":"2016-06-03T09:13:54","date_gmt":"2016-06-03T07:13:54","guid":{"rendered":"http:\/\/www.novakovych59.cz\/?page_id=551"},"modified":"2016-06-03T09:17:54","modified_gmt":"2016-06-03T07:17:54","slug":"schuze-vlastniku-bytovych-jednotek-22016","status":"publish","type":"page","link":"https:\/\/www.novakovych59.cz\/?page_id=551","title":{"rendered":"Sch\u016fze vlastn\u00edk\u016f bytov\u00fdch  jednotek  2\/2016"},"content":{"rendered":"<p>Mil\u00ed vlastn\u00edci bytov\u00fdch jednotek,<\/p>\n<p>Dovoluji si V\u00e1m ozn\u00e1mit, \u017ee druh\u00e1 sch\u016fze vlastn\u00edk\u016f v tomto roce bude dne 9.6.2016 od 18:00 v Z\u0160 Zenklova, vchod z ulice Hejdukova.<\/p>\n<p><strong><span style=\"text-decoration: underline;\">Body k jedn\u00e1n\u00ed<\/span><\/strong><br \/>\n1.Zahajen\u00ed- prezence<br \/>\n2.Stav fondu oprav<br \/>\n3.Oprava fas\u00e1dy v 1.nadz. podla\u017e\u00ed v\u010d v\u00fdm\u011bny konstrukc\u00ed proskl. \u010d\u00e1st\u00ed fas\u00e1dy<br \/>\n4.Oprava odv\u011btr\u00e1n\u00ed kanal. stoupa\u010dek<br \/>\n5.P\u0159\u00edstupov\u00fd a kamerov\u00fd syst\u00e9m<br \/>\n6.Ostatn\u00ed opravy<br \/>\n7.Diskuze, z\u00e1v\u011br<\/p>\n","protected":false},"excerpt":{"rendered":"<p>Mil\u00ed vlastn\u00edci bytov\u00fdch jednotek, Dovoluji si V\u00e1m ozn\u00e1mit, \u017ee druh\u00e1 sch\u016fze vlastn\u00edk\u016f v tomto roce bude dne 9.6.2016 od 18:00 v Z\u0160 Zenklova, vchod z ulice Hejdukova. Body k jedn\u00e1n\u00ed 1.Zahajen\u00ed- prezence 2.Stav fondu oprav 3.Oprava fas\u00e1dy v 1.nadz. podla\u017e\u00ed &#8230; <a class=\"more-link\" href=\"https:\/\/www.novakovych59.cz\/?page_id=551\">\u010c\u00edst v\u00edce &raquo;<\/a><\/p>\n","protected":false},"author":1,"featured_media":0,"parent":0,"menu_order":0,"comment_status":"open","ping_status":"closed","template":"","meta":{"footnotes":""},"class_list":["post-551","page","type-page","status-publish","hentry"],"_links":{"self":[{"href":"https:\/\/www.novakovych59.cz\/index.php?rest_route=\/wp\/v2\/pages\/551","targetHints":{"allow":["GET"]}}],"collection":[{"href":"https:\/\/www.novakovych59.cz\/index.php?rest_route=\/wp\/v2\/pages"}],"about":[{"href":"https:\/\/www.novakovych59.cz\/index.php?rest_route=\/wp\/v2\/types\/page"}],"author":[{"embeddable":true,"href":"https:\/\/www.novakovych59.cz\/index.php?rest_route=\/wp\/v2\/users\/1"}],"replies":[{"embeddable":true,"href":"https:\/\/www.novakovych59.cz\/index.php?rest_route=%2Fwp%2Fv2%2Fcomments&post=551"}],"version-history":[{"count":2,"href":"https:\/\/www.novakovych59.cz\/index.php?rest_route=\/wp\/v2\/pages\/551\/revisions"}],"predecessor-version":[{"id":554,"href":"https:\/\/www.novakovych59.cz\/index.php?rest_route=\/wp\/v2\/pages\/551\/revisions\/554"}],"wp:attachment":[{"href":"https:\/\/www.novakovych59.cz\/index.php?rest_route=%2Fwp%2Fv2%2Fmedia&parent=551"}],"curies":[{"name":"wp","href":"https:\/\/api.w.org\/{rel}","templated":true}]}}