{"id":530,"date":"2016-02-28T16:20:32","date_gmt":"2016-02-28T14:20:32","guid":{"rendered":"http:\/\/www.novakovych59.cz\/?page_id=530"},"modified":"2016-03-27T14:28:56","modified_gmt":"2016-03-27T12:28:56","slug":"schuze-vlastniku-bytovych-jednotek-1-2016","status":"publish","type":"page","link":"https:\/\/www.novakovych59.cz\/?page_id=530","title":{"rendered":"Sch\u016fze vlastn\u00edk\u016f bytov\u00fdch  jednotek  1 \/2016"},"content":{"rendered":"<p>Mil\u00ed vlastn\u00edci bytov\u00fdch jednotek,<\/p>\n<p>Dovoluji si V\u00e1m ozn\u00e1mit, \u017ee prvn\u00ed sch\u016fze vlastn\u00edk\u016f v tomto roce bude dne <strong>2.3.2016 od 18:00 v Z\u0160 Zenklova<\/strong>, vchod z ulice Hejdukova.<\/p>\n<p>Z\u00e1pis ze sch\u016fze, bohu\u017eel bez prezenta\u010dn\u00ed listiny, byt bylo LBD8 \u017e\u00e1d\u00e1no o dopln\u011bn\u00ed, dosud nedod\u00e1no,\u00a0naleznete <a href=\"http:\/\/www.novakovych59.cz\/wp-content\/uploads\/2016\/03\/1_2016.pdf\" target=\"_blank\">zde<\/a><\/p>\n<p>&nbsp;<\/p>\n<p>&nbsp;<\/p>\n","protected":false},"excerpt":{"rendered":"<p>Mil\u00ed vlastn\u00edci bytov\u00fdch jednotek, Dovoluji si V\u00e1m ozn\u00e1mit, \u017ee prvn\u00ed sch\u016fze vlastn\u00edk\u016f v tomto roce bude dne 2.3.2016 od 18:00 v Z\u0160 Zenklova, vchod z ulice Hejdukova. Z\u00e1pis ze sch\u016fze, bohu\u017eel bez prezenta\u010dn\u00ed listiny, byt bylo LBD8 \u017e\u00e1d\u00e1no o dopln\u011bn\u00ed, &#8230; <a class=\"more-link\" href=\"https:\/\/www.novakovych59.cz\/?page_id=530\">\u010c\u00edst v\u00edce &raquo;<\/a><\/p>\n","protected":false},"author":1,"featured_media":0,"parent":20,"menu_order":0,"comment_status":"open","ping_status":"closed","template":"","meta":{"footnotes":""},"class_list":["post-530","page","type-page","status-publish","hentry"],"_links":{"self":[{"href":"https:\/\/www.novakovych59.cz\/index.php?rest_route=\/wp\/v2\/pages\/530","targetHints":{"allow":["GET"]}}],"collection":[{"href":"https:\/\/www.novakovych59.cz\/index.php?rest_route=\/wp\/v2\/pages"}],"about":[{"href":"https:\/\/www.novakovych59.cz\/index.php?rest_route=\/wp\/v2\/types\/page"}],"author":[{"embeddable":true,"href":"https:\/\/www.novakovych59.cz\/index.php?rest_route=\/wp\/v2\/users\/1"}],"replies":[{"embeddable":true,"href":"https:\/\/www.novakovych59.cz\/index.php?rest_route=%2Fwp%2Fv2%2Fcomments&post=530"}],"version-history":[{"count":5,"href":"https:\/\/www.novakovych59.cz\/index.php?rest_route=\/wp\/v2\/pages\/530\/revisions"}],"predecessor-version":[{"id":539,"href":"https:\/\/www.novakovych59.cz\/index.php?rest_route=\/wp\/v2\/pages\/530\/revisions\/539"}],"up":[{"embeddable":true,"href":"https:\/\/www.novakovych59.cz\/index.php?rest_route=\/wp\/v2\/pages\/20"}],"wp:attachment":[{"href":"https:\/\/www.novakovych59.cz\/index.php?rest_route=%2Fwp%2Fv2%2Fmedia&parent=530"}],"curies":[{"name":"wp","href":"https:\/\/api.w.org\/{rel}","templated":true}]}}