{"id":445,"date":"2015-05-28T23:26:02","date_gmt":"2015-05-28T21:26:02","guid":{"rendered":"http:\/\/www.novakovych59.cz\/?page_id=445"},"modified":"2015-05-28T23:26:46","modified_gmt":"2015-05-28T21:26:46","slug":"novy-reditel-lbd-8","status":"publish","type":"page","link":"https:\/\/www.novakovych59.cz\/?page_id=445","title":{"rendered":"Nov\u00fd \u0159editel LBD 8"},"content":{"rendered":"<p>Mil\u00ed soused\u00e9 a majitel\u00e9 domu..<\/p>\n<p>Dostala se\u00a0 k n\u00e1m informace, \u017ee u na\u0161eho spr\u00e1vce do\u0161lo\u00a0 k\u00a0 jmenov\u00e1n\u00ed nov\u00e9ho \u0159editele. Nov\u00fdm \u0159editelem\u00a0 LBD 8 po\u010d\u00ednaje dne\u0161n\u00edm dnem,\u00a0 se st\u00e1v\u00e1 pan\u00ed\u00a0 Yvona\u00a0 V\u00edtovsk\u00e1.<\/p>\n<p>\u010cek\u00e1me na ofici\u00e1ln\u00ed ozn\u00e1men\u00ed od na\u0161eho spr\u00e1vce..<\/p>\n<p>P\u0159eji hezk\u00fd den.<\/p>\n<p>admin site<\/p>\n","protected":false},"excerpt":{"rendered":"<p>Mil\u00ed soused\u00e9 a majitel\u00e9 domu.. Dostala se\u00a0 k n\u00e1m informace, \u017ee u na\u0161eho spr\u00e1vce do\u0161lo\u00a0 k\u00a0 jmenov\u00e1n\u00ed nov\u00e9ho \u0159editele. Nov\u00fdm \u0159editelem\u00a0 LBD 8 po\u010d\u00ednaje dne\u0161n\u00edm dnem,\u00a0 se st\u00e1v\u00e1 pan\u00ed\u00a0 Yvona\u00a0 V\u00edtovsk\u00e1. \u010cek\u00e1me na ofici\u00e1ln\u00ed ozn\u00e1men\u00ed od na\u0161eho spr\u00e1vce.. P\u0159eji hezk\u00fd &#8230; <a class=\"more-link\" href=\"https:\/\/www.novakovych59.cz\/?page_id=445\">\u010c\u00edst v\u00edce &raquo;<\/a><\/p>\n","protected":false},"author":1,"featured_media":0,"parent":20,"menu_order":0,"comment_status":"open","ping_status":"closed","template":"","meta":{"footnotes":""},"class_list":["post-445","page","type-page","status-publish","hentry"],"_links":{"self":[{"href":"https:\/\/www.novakovych59.cz\/index.php?rest_route=\/wp\/v2\/pages\/445","targetHints":{"allow":["GET"]}}],"collection":[{"href":"https:\/\/www.novakovych59.cz\/index.php?rest_route=\/wp\/v2\/pages"}],"about":[{"href":"https:\/\/www.novakovych59.cz\/index.php?rest_route=\/wp\/v2\/types\/page"}],"author":[{"embeddable":true,"href":"https:\/\/www.novakovych59.cz\/index.php?rest_route=\/wp\/v2\/users\/1"}],"replies":[{"embeddable":true,"href":"https:\/\/www.novakovych59.cz\/index.php?rest_route=%2Fwp%2Fv2%2Fcomments&post=445"}],"version-history":[{"count":1,"href":"https:\/\/www.novakovych59.cz\/index.php?rest_route=\/wp\/v2\/pages\/445\/revisions"}],"predecessor-version":[{"id":446,"href":"https:\/\/www.novakovych59.cz\/index.php?rest_route=\/wp\/v2\/pages\/445\/revisions\/446"}],"up":[{"embeddable":true,"href":"https:\/\/www.novakovych59.cz\/index.php?rest_route=\/wp\/v2\/pages\/20"}],"wp:attachment":[{"href":"https:\/\/www.novakovych59.cz\/index.php?rest_route=%2Fwp%2Fv2%2Fmedia&parent=445"}],"curies":[{"name":"wp","href":"https:\/\/api.w.org\/{rel}","templated":true}]}}