{"id":321,"date":"2014-12-18T17:55:20","date_gmt":"2014-12-18T15:55:20","guid":{"rendered":"http:\/\/www.novakovych59.cz\/?page_id=321"},"modified":"2015-12-08T18:06:44","modified_gmt":"2015-12-08T16:06:44","slug":"sousedske-puncove-setkani","status":"publish","type":"page","link":"https:\/\/www.novakovych59.cz\/?page_id=321","title":{"rendered":"Sousedsk\u00e9 pun\u010dov\u00e9 setk\u00e1n\u00ed 2014"},"content":{"rendered":"<address><div id='gallery-1' class='gallery galleryid-321 gallery-columns-3 gallery-size-thumbnail'><figure class='gallery-item'>\n\t\t\t<div class='gallery-icon portrait'>\n\t\t\t\t<img loading=\"lazy\" decoding=\"async\" width=\"120\" height=\"140\" src=\"https:\/\/www.novakovych59.cz\/wp-content\/uploads\/2014\/12\/sousedi.jpg\" class=\"attachment-thumbnail size-thumbnail\" alt=\"\" \/>\n\t\t\t<\/div><\/figure>\n\t\t<\/div>\n<\/p>\n<p><strong><span style=\"color: #000000;\">Mil\u00ed sousedi a p\u0159\u00e1tel\u00e9,<\/span><\/strong><\/p>\n<\/address>\n<address>\u00a0<\/address>\n<address><strong><span style=\"color: #000000;\">Dovolte n\u00e1m, nav\u00e1zat na d\u00e1vn\u00e9 zvyky na\u0161ich p\u0159edk\u016f, kte\u0159\u00ed se spole\u010dn\u011b sch\u00e1zeli k r\u016fzn\u00fdm p\u0159\u00edle\u017eitostem v na\u0161em dom\u011b a tak bychom r\u00e1di op\u011bt obnovili ji\u017e tuto d\u00e1vnou zapomenutou tradici.<\/span><\/strong><\/address>\n<address><strong><span style=\"color: #000000;\">\u00a0<\/span><\/strong><\/address>\n<address><strong><span style=\"color: #000000;\">T\u00edmto jste samoz\u0159ejm\u011b srde\u010dn\u011b zv\u00e1ni na mal\u00e9 sousedsk\u00e9 pun\u010dov\u00e9 setk\u00e1n\u00ed, kter\u00e9 se bude konat dne <span style=\"color: #ff0000;\">21.12.2014 \/ned\u011ble\/ od 17:00 hodin,<\/span> ve vchod\u011b \u010d\u00edslo 59\/2 v p\u00e1t\u00e9m pat\u0159e na spole\u010dn\u00e9 chodb\u011b.<\/span><\/strong><\/address>\n<address><strong><span style=\"color: #000000;\">\u00a0<\/span><\/strong><\/address>\n<address><strong><span style=\"color: #000000;\">R\u00e1di bychom utu\u017eili na\u0161e sousedsk\u00e9 vztahy, kter\u00e9 se posledn\u00ed dobou jaksi vytr\u00e1cej\u00ed do ztracena.<\/span><\/strong><\/address>\n<address><strong><span style=\"color: #000000;\">\u00a0<\/span><\/strong><\/address>\n<address><strong><span style=\"color: #000000;\">V\u0161ichni majitel\u00e9 bytov\u00fdch jednotek jsou samoz\u0159ejm\u011b v\u00edt\u00e1n\u00ed.<\/span><\/strong><\/address>\n<address><strong><span style=\"color: #000000;\">Kl\u00ed\u010d ze vchodu \u010d\u00edslo 59\/4 je stejn\u00fd i do vchodu \u010d\u00edslo 59\/2 tak\u017ee nemus\u00edte m\u00edt obavy, \u017ee se sem nedostanete.<\/span><\/strong><\/address>\n<address>\u00a0<\/address>\n<address><strong><span style=\"color: #000000;\">\u00a0Ps: Hrne\u010dky pros\u00edm sebou a m\u016f\u017eete se pochlubit Va\u0161imi cukr\u00e1\u0159sk\u00fdmi v\u00fdrobky :-)))<\/span><\/strong><\/address>\n<address>\u00a0<\/address>\n<address><strong><span style=\"color: #000000;\">\u00a0Man\u017eel\u00e9 Hru\u0161kovi a ostatn\u00ed soused\u00e9..<\/span><\/strong><\/address>\n<address>\u00a0<\/address>\n<address>PS: Foto a mal\u00e9 pov\u00edd\u00e1n\u00ed z pun\u010dov\u00e9ho setk\u00e1n\u00ed najdete ve chr\u00e1n\u011bn\u00e9 sekci<\/address>\n<address>\u00a0<\/address>\n<address>\u00a0<\/address>\n<address>\u00a0<\/address>\n","protected":false},"excerpt":{"rendered":"<p>Mil\u00ed sousedi a p\u0159\u00e1tel\u00e9, \u00a0 Dovolte n\u00e1m, nav\u00e1zat na d\u00e1vn\u00e9 zvyky na\u0161ich p\u0159edk\u016f, kte\u0159\u00ed se spole\u010dn\u011b sch\u00e1zeli k r\u016fzn\u00fdm p\u0159\u00edle\u017eitostem v na\u0161em dom\u011b a tak bychom r\u00e1di op\u011bt obnovili ji\u017e tuto d\u00e1vnou zapomenutou tradici. \u00a0 T\u00edmto jste samoz\u0159ejm\u011b srde\u010dn\u011b zv\u00e1ni &#8230; <a class=\"more-link\" href=\"https:\/\/www.novakovych59.cz\/?page_id=321\">\u010c\u00edst v\u00edce &raquo;<\/a><\/p>\n","protected":false},"author":1,"featured_media":0,"parent":0,"menu_order":0,"comment_status":"open","ping_status":"closed","template":"","meta":{"footnotes":""},"class_list":["post-321","page","type-page","status-publish","hentry"],"_links":{"self":[{"href":"https:\/\/www.novakovych59.cz\/index.php?rest_route=\/wp\/v2\/pages\/321","targetHints":{"allow":["GET"]}}],"collection":[{"href":"https:\/\/www.novakovych59.cz\/index.php?rest_route=\/wp\/v2\/pages"}],"about":[{"href":"https:\/\/www.novakovych59.cz\/index.php?rest_route=\/wp\/v2\/types\/page"}],"author":[{"embeddable":true,"href":"https:\/\/www.novakovych59.cz\/index.php?rest_route=\/wp\/v2\/users\/1"}],"replies":[{"embeddable":true,"href":"https:\/\/www.novakovych59.cz\/index.php?rest_route=%2Fwp%2Fv2%2Fcomments&post=321"}],"version-history":[{"count":5,"href":"https:\/\/www.novakovych59.cz\/index.php?rest_route=\/wp\/v2\/pages\/321\/revisions"}],"predecessor-version":[{"id":505,"href":"https:\/\/www.novakovych59.cz\/index.php?rest_route=\/wp\/v2\/pages\/321\/revisions\/505"}],"wp:attachment":[{"href":"https:\/\/www.novakovych59.cz\/index.php?rest_route=%2Fwp%2Fv2%2Fmedia&parent=321"}],"curies":[{"name":"wp","href":"https:\/\/api.w.org\/{rel}","templated":true}]}}