{"id":309,"date":"2014-12-11T11:48:37","date_gmt":"2014-12-11T09:48:37","guid":{"rendered":"http:\/\/www.novakovych59.cz\/?page_id=309"},"modified":"2014-12-11T12:25:26","modified_gmt":"2014-12-11T10:25:26","slug":"zapis-ze-schuze-domu-ze-dne-3-12-2014","status":"publish","type":"page","link":"https:\/\/www.novakovych59.cz\/?page_id=309","title":{"rendered":"Z\u00e1pis ze sch\u016fze domu ze dne 3.12.2014"},"content":{"rendered":"<p>Zde je uve\u0159ejn\u011bn z\u00e1pis ze sch\u016fze vlastn\u00edku bytov\u00fdch a nebytov\u00fdch jednotek v\u010detn\u011b prezen\u010dn\u00ed listiny<\/p>\n<p><a href=\"http:\/\/www.novakovych59.cz\/wp-content\/uploads\/2014\/12\/zapis-ze-schuze-vlastn\u00edku-Novakovych59_3_12_2014.pdf\" rel=\"attachment wp-att-315\">Z\u00e1pis ze sch\u016fze vlastn\u00edk\u016f Nov\u00e1kov\u00fdch59_3_12_2014<\/a>\u00a0 (sta\u010d\u00ed kliknout na text)<\/p>\n<p>&nbsp;<\/p>\n<p>&nbsp;<\/p>\n","protected":false},"excerpt":{"rendered":"<p>Zde je uve\u0159ejn\u011bn z\u00e1pis ze sch\u016fze vlastn\u00edku bytov\u00fdch a nebytov\u00fdch jednotek v\u010detn\u011b prezen\u010dn\u00ed listiny Z\u00e1pis ze sch\u016fze vlastn\u00edk\u016f Nov\u00e1kov\u00fdch59_3_12_2014\u00a0 (sta\u010d\u00ed kliknout na text) &nbsp; &nbsp;<\/p>\n","protected":false},"author":1,"featured_media":0,"parent":0,"menu_order":0,"comment_status":"open","ping_status":"closed","template":"","meta":{"footnotes":""},"class_list":["post-309","page","type-page","status-publish","hentry"],"_links":{"self":[{"href":"https:\/\/www.novakovych59.cz\/index.php?rest_route=\/wp\/v2\/pages\/309","targetHints":{"allow":["GET"]}}],"collection":[{"href":"https:\/\/www.novakovych59.cz\/index.php?rest_route=\/wp\/v2\/pages"}],"about":[{"href":"https:\/\/www.novakovych59.cz\/index.php?rest_route=\/wp\/v2\/types\/page"}],"author":[{"embeddable":true,"href":"https:\/\/www.novakovych59.cz\/index.php?rest_route=\/wp\/v2\/users\/1"}],"replies":[{"embeddable":true,"href":"https:\/\/www.novakovych59.cz\/index.php?rest_route=%2Fwp%2Fv2%2Fcomments&post=309"}],"version-history":[{"count":5,"href":"https:\/\/www.novakovych59.cz\/index.php?rest_route=\/wp\/v2\/pages\/309\/revisions"}],"predecessor-version":[{"id":317,"href":"https:\/\/www.novakovych59.cz\/index.php?rest_route=\/wp\/v2\/pages\/309\/revisions\/317"}],"wp:attachment":[{"href":"https:\/\/www.novakovych59.cz\/index.php?rest_route=%2Fwp%2Fv2%2Fmedia&parent=309"}],"curies":[{"name":"wp","href":"https:\/\/api.w.org\/{rel}","templated":true}]}}