{"id":243,"date":"2014-09-05T14:19:16","date_gmt":"2014-09-05T12:19:16","guid":{"rendered":"http:\/\/www.novakovych59.cz\/?page_id=243"},"modified":"2014-09-05T14:35:39","modified_gmt":"2014-09-05T12:35:39","slug":"e-mailova-korespondence-mezi-spravcem-lbd8-a-obytelu-domu","status":"publish","type":"page","link":"https:\/\/www.novakovych59.cz\/?page_id=243","title":{"rendered":"Emailov\u00e1  korespondence mezi spr\u00e1vcem  LBD8 a obytel\u016f domu"},"content":{"rendered":"<p>Mil\u00ed obyvatel\u00e9 domu, sousedi&#8230;<\/p>\n<p>P\u0159id\u00e1v\u00e1me dal\u0161\u00ed d\u016fle\u017eit\u00e9 informace z na\u0161\u00ed korespondence\u00a0\u00a0 mezi obyvateli domu a na\u0161\u00edm spr\u00e1vcem LBD8<\/p>\n<p>&#8212;&#8212;&#8212;&#8212;&#8212;&#8212;&#8212;&#8212;&#8212;&#8212;&#8212;&#8212;&#8212;&#8212;&#8212;&#8212;&#8212;&#8212;&#8212;&#8212;&#8212;&#8212;&#8212;&#8212;&#8212;&#8212;&#8212;&#8212;&#8212;&#8212;&#8212;&#8212;&#8212;&#8212;&#8212;&#8212;&#8212;&#8212;&#8212;&#8212;&#8212;<\/p>\n<p>&nbsp;<\/p>\n<p>Dobr\u00fd den pane \u0159editeli Pap\u00edrn\u00edku,<\/p>\n<p>Nev\u00edme co vede Va\u0161eho pod\u0159\u00edzen\u00e9ho technika Sas\u00e1ka vyv\u011b\u0161ovat jak\u00e9si ozn\u00e1men\u00ed o vykl\u00edzen\u00ed sklep\u016f v na\u0161ich vchodech 2 a 4, \/<strong>dnes 5.9.2014 v dopoledn\u00edch hodin\u00e1ch<\/strong>\/, kdy\u017e jste jasn\u011b\u00a0 n\u011bkolikr\u00e1t obdr\u017eeli informaci o rozhodnut\u00ed od z\u00e1stupc\u016f v\u011bt\u0161inov\u00fdch vlastn\u00edk\u016f domu v ulici Nov\u00e1kov\u00fdch 59 o pozd\u011bj\u0161\u00edm\u00a0 pozastaven\u00ed vykl\u00edzen\u00ed sklep\u016f a dal\u0161\u00edch investic, z d\u016fvodu\u00a0 netransparentnosti a jist\u00fdch pochybnost\u00ed v nab\u00eddk\u00e1ch od spr\u00e1vce na\u0161eho domu, dru\u017estva LBD8, kter\u00e9 n\u00e1m\u00a0 byli p\u0159edlo\u017eeny.<\/p>\n<p>Pokud toto nebude akceptov\u00e1no z Va\u0161\u00ed strany, jsme nuceni informovat a \u0159e\u0161it celou situaci s Va\u0161\u00edmi nad\u0159\u00edzen\u00fdmi s p\u0159edstavenstva dru\u017estva LBD8 o Va\u0161em kroku, kter\u00fd je v rozporu rozhodnut\u00ed v\u011bt\u0161iny majitel\u016f tohoto domu.<\/p>\n<p>Konkr\u00e9tn\u011b budeme informovat tyto\u00a0 nad\u0159\u00edzen\u00e9 z Va\u0161eho p\u0159edstavenstva pana p\u0159ecedu pana Milana Pelce, dat. nar. 21. \u010dervna 1950,Praha 8 &#8211; Libe\u0148, Nov\u00e1kov\u00fdch 856\/23, a d\u00e1le m\u00edstop\u0159ecedu pan\u00ed Ing. Helenu Hor\u00e1kovou, dat. nar. 12. \u010dervna 1946 Praha 8, Na Rokytce 1028\/32 o va\u0161ich kroc\u00edch, s kter\u00fdmi absolutn\u011b nesouhlas\u00edme a jsou v rozporu\u00a0 p\u0159\u00e1n\u00ed v\u011bt\u0161inov\u00e9ho vlastn\u00edka.<\/p>\n<p>D\u00e1le n\u00e1s bohu\u017eel va\u0161\u00edm neakceptov\u00e1n\u00edm nut\u00edte\u00a0 k podan\u00ed \u017ealoby k soudu o pod\u00e1n\u00ed p\u0159edb\u011b\u017en\u00e9ho opat\u0159en\u00ed a\u017e do vy\u0159esen\u00ed zalo\u017een\u00ed SVJ. D\u00e1le si dovol\u00edme V\u00e1s upozornit, \u017ee\u00a0 t\u00edmto Va\u0161\u00edm jedn\u00e1n\u00edm se dopou\u0161t\u00edte trestn\u00e9ho \u010dinu &#8220;Poru\u0161ov\u00e1n\u00ed povinnosti p\u0159i spr\u00e1v\u011b ciz\u00edho majetku&#8221; dle \u00a7 255 odstavce 1, na kter\u00fd mysl\u00ed trestn\u00ed z\u00e1kon\u00edk \u010cesk\u00e9 Republiky.<\/p>\n<p>Opravdu berte to jako posledn\u00ed vst\u0159\u00edcn\u00e9 gesto z na\u0161\u00ed strany, ne\u017e do toho za\u010dneme zatahovat p\u0159\u00edslu\u0161n\u00e9 org\u00e1ny.<\/p>\n<p>Z\u00e1v\u011brem si dovol\u00edm si jen upozornit, pokud dojde k nez\u00e1konn\u00e9mu vykl\u00edzen\u00ed sklep\u016f proti na\u0161emu rozhodnut\u00ed, bude uplat\u0148ov\u00e1na n\u00e1hrada \u0161kody od majitel\u016f sklep\u016f po firm\u011b LBD8, kter\u00e1 je pln\u011b\u00a0 zodpov\u011bdna za \u010dinost sv\u00fdch zam\u011bstnanc\u016f.<\/p>\n<p>\u010cek\u00e1me na Va\u0161e vyj\u00e1d\u0159en\u00ed k t\u00e9to v\u011bci.<\/p>\n<p>S p\u0159\u00e1telsk\u00fdm pozdravem,<\/p>\n<p>Z\u00e1stupci domu<\/p>\n<p>Stanislav Hru\u0161ka,\u00a0\u00a0 vchod 2<\/p>\n<p>Ing. Ji\u0159\u00ed \u0160afr\u00e1nek, vchod 4<\/p>\n","protected":false},"excerpt":{"rendered":"<p>Mil\u00ed obyvatel\u00e9 domu, sousedi&#8230; P\u0159id\u00e1v\u00e1me dal\u0161\u00ed d\u016fle\u017eit\u00e9 informace z na\u0161\u00ed korespondence\u00a0\u00a0 mezi obyvateli domu a na\u0161\u00edm spr\u00e1vcem LBD8 &#8212;&#8212;&#8212;&#8212;&#8212;&#8212;&#8212;&#8212;&#8212;&#8212;&#8212;&#8212;&#8212;&#8212;&#8212;&#8212;&#8212;&#8212;&#8212;&#8212;&#8212;&#8212;&#8212;&#8212;&#8212;&#8212;&#8212;&#8212;&#8212;&#8212;&#8212;&#8212;&#8212;&#8212;&#8212;&#8212;&#8212;&#8212;&#8212;&#8212;&#8212; &nbsp; Dobr\u00fd den pane \u0159editeli Pap\u00edrn\u00edku, Nev\u00edme co vede Va\u0161eho pod\u0159\u00edzen\u00e9ho technika Sas\u00e1ka vyv\u011b\u0161ovat jak\u00e9si ozn\u00e1men\u00ed o vykl\u00edzen\u00ed sklep\u016f v na\u0161ich &#8230; <a class=\"more-link\" href=\"https:\/\/www.novakovych59.cz\/?page_id=243\">\u010c\u00edst v\u00edce &raquo;<\/a><\/p>\n","protected":false},"author":1,"featured_media":0,"parent":20,"menu_order":0,"comment_status":"open","ping_status":"closed","template":"","meta":{"footnotes":""},"class_list":["post-243","page","type-page","status-publish","hentry"],"_links":{"self":[{"href":"https:\/\/www.novakovych59.cz\/index.php?rest_route=\/wp\/v2\/pages\/243","targetHints":{"allow":["GET"]}}],"collection":[{"href":"https:\/\/www.novakovych59.cz\/index.php?rest_route=\/wp\/v2\/pages"}],"about":[{"href":"https:\/\/www.novakovych59.cz\/index.php?rest_route=\/wp\/v2\/types\/page"}],"author":[{"embeddable":true,"href":"https:\/\/www.novakovych59.cz\/index.php?rest_route=\/wp\/v2\/users\/1"}],"replies":[{"embeddable":true,"href":"https:\/\/www.novakovych59.cz\/index.php?rest_route=%2Fwp%2Fv2%2Fcomments&post=243"}],"version-history":[{"count":3,"href":"https:\/\/www.novakovych59.cz\/index.php?rest_route=\/wp\/v2\/pages\/243\/revisions"}],"predecessor-version":[{"id":249,"href":"https:\/\/www.novakovych59.cz\/index.php?rest_route=\/wp\/v2\/pages\/243\/revisions\/249"}],"up":[{"embeddable":true,"href":"https:\/\/www.novakovych59.cz\/index.php?rest_route=\/wp\/v2\/pages\/20"}],"wp:attachment":[{"href":"https:\/\/www.novakovych59.cz\/index.php?rest_route=%2Fwp%2Fv2%2Fmedia&parent=243"}],"curies":[{"name":"wp","href":"https:\/\/api.w.org\/{rel}","templated":true}]}}