{"id":24,"date":"2014-07-09T08:19:23","date_gmt":"2014-07-09T06:19:23","guid":{"rendered":"http:\/\/www.novakovych59.cz\/?page_id=24"},"modified":"2014-07-22T10:42:07","modified_gmt":"2014-07-22T08:42:07","slug":"uvod","status":"publish","type":"page","link":"https:\/\/www.novakovych59.cz\/?page_id=24","title":{"rendered":"\u00davod"},"content":{"rendered":"<div class=\"entry-content\">\n<div class=\"entry-content\">\n<p><strong>Mil\u00ed obyvatel\u00e9 domu, soused\u00e9..<\/strong><\/p>\n<p><strong>Poslu\u0161n\u011b hl\u00e1s\u00edm,\u00a0 \u017ee byla zd\u00e1rn\u011b dokon\u010dena p\u0159estavba na\u0161ich webov\u00fdch str\u00e1nek na nov\u011bj\u0161\u00ed redak\u010dn\u00ed syst\u00e9m, kter\u00fd je ji\u017e pln\u011b funk\u010dn\u00ed.<\/strong><\/p>\n<p><strong> Od t\u00e9to chv\u00edle m\u016f\u017eete p\u0159isp\u011bt Va\u0161imi podn\u011bty do koment\u00e1\u0159\u016f, kter\u00e9 jsou v\u017edy pod danou rubrikou neboli t\u00e9matem. Ale aby jste mohli napsat V\u00e1\u0161 koment\u00e1\u0159 \u010di p\u0159\u00edsp\u011bvek, je pot\u0159eba se nejd\u0159\u00edve zaregistrovat a potom se teprve \u00a0m\u016f\u017eete\u00a0p\u0159ihl\u00e1sit.\u00a0 Vypl\u0148te pros\u00edm va\u0161e cel\u00e9 jm\u00e9no, aby byla snadn\u011bj\u0161\u00ed\u00a0 identifikace ka\u017ed\u00e9ho\u00a0 p\u0159isp\u011bvovatele.<\/strong><\/p>\n<p><strong>Nezn\u00e1m\u00ed u\u017eivatel\u00e9 \u010di p\u0159ezd\u00edvky \/nickname\/, kte\u0159\u00ed\u00a0 evidentn\u011b nepat\u0159\u00ed do tohoto domu budou bez milosti smaz\u00e1ni\u00a0 z\u00a0 bezpe\u010dnostn\u00edch d\u016fvodu a zachov\u00e1ni spole\u010dn\u00e9\u00a0 podstaty \u00fa\u010delu t\u00e9to diskuze. <\/strong><\/p>\n<p><strong>P\u0159ed publikac\u00ed Va\u0161eho prvn\u00edho p\u0159\u00edsp\u011bvku, automaticky\u00a0 podl\u00e9ha prvn\u00edmu schv\u00e1len\u00ed\u00a0 od administr\u00e1tora webu a potom ji\u017e dal\u0161\u00ed zve\u0159ejn\u011bn\u00ed prob\u00edh\u00e1 automaticky.<br \/>\n<\/strong><\/p>\n<p>R<strong>egistraci\u00a0 a n\u00e1sledn\u00e9 p\u0159ihl\u00e1\u0161en\u00ed naleznete v\u017edy dole pod kolonkou &#8216;P\u0159\u00edstupy&#8217;\u00a0 v \u010dern\u00e9m r\u00e1mu.<\/strong><\/p>\n<p><strong>Pokud by nebylo n\u011bco zcela jasn\u00e9, \u010di se vyskytli probl\u00e9my s registrac\u00ed, \u010di p\u0159ihl\u00e1\u0161en\u00edm, pros\u00edm o informaci v sekci kontakt.<\/strong><\/p>\n<p><strong>D\u011bkuji za pochopen\u00ed<\/strong><\/p>\n<p><strong>Stanislav Hru\u0161ka<\/strong><\/p>\n<p>the site administrator<\/p>\n<\/div>\n<\/div>\n","protected":false},"excerpt":{"rendered":"<p>Mil\u00ed obyvatel\u00e9 domu, soused\u00e9.. Poslu\u0161n\u011b hl\u00e1s\u00edm,\u00a0 \u017ee byla zd\u00e1rn\u011b dokon\u010dena p\u0159estavba na\u0161ich webov\u00fdch str\u00e1nek na nov\u011bj\u0161\u00ed redak\u010dn\u00ed syst\u00e9m, kter\u00fd je ji\u017e pln\u011b funk\u010dn\u00ed. Od t\u00e9to chv\u00edle m\u016f\u017eete p\u0159isp\u011bt Va\u0161imi podn\u011bty do koment\u00e1\u0159\u016f, kter\u00e9 jsou v\u017edy pod danou rubrikou neboli t\u00e9matem. &#8230; <a class=\"more-link\" href=\"https:\/\/www.novakovych59.cz\/?page_id=24\">\u010c\u00edst v\u00edce &raquo;<\/a><\/p>\n","protected":false},"author":1,"featured_media":0,"parent":0,"menu_order":0,"comment_status":"open","ping_status":"closed","template":"page-templates\/front-page.php","meta":{"footnotes":""},"class_list":["post-24","page","type-page","status-publish","hentry"],"_links":{"self":[{"href":"https:\/\/www.novakovych59.cz\/index.php?rest_route=\/wp\/v2\/pages\/24","targetHints":{"allow":["GET"]}}],"collection":[{"href":"https:\/\/www.novakovych59.cz\/index.php?rest_route=\/wp\/v2\/pages"}],"about":[{"href":"https:\/\/www.novakovych59.cz\/index.php?rest_route=\/wp\/v2\/types\/page"}],"author":[{"embeddable":true,"href":"https:\/\/www.novakovych59.cz\/index.php?rest_route=\/wp\/v2\/users\/1"}],"replies":[{"embeddable":true,"href":"https:\/\/www.novakovych59.cz\/index.php?rest_route=%2Fwp%2Fv2%2Fcomments&post=24"}],"version-history":[{"count":8,"href":"https:\/\/www.novakovych59.cz\/index.php?rest_route=\/wp\/v2\/pages\/24\/revisions"}],"predecessor-version":[{"id":146,"href":"https:\/\/www.novakovych59.cz\/index.php?rest_route=\/wp\/v2\/pages\/24\/revisions\/146"}],"wp:attachment":[{"href":"https:\/\/www.novakovych59.cz\/index.php?rest_route=%2Fwp%2Fv2%2Fmedia&parent=24"}],"curies":[{"name":"wp","href":"https:\/\/api.w.org\/{rel}","templated":true}]}}