{"id":225,"date":"2014-09-01T07:20:04","date_gmt":"2014-09-01T05:20:04","guid":{"rendered":"http:\/\/www.novakovych59.cz\/?page_id=225"},"modified":"2014-10-02T12:10:19","modified_gmt":"2014-10-02T10:10:19","slug":"pozastaveni-bourani-sklepu","status":"publish","type":"page","link":"https:\/\/www.novakovych59.cz\/?page_id=225","title":{"rendered":"Pozastaven\u00ed bour\u00e1n\u00ed sklep\u016f"},"content":{"rendered":"<p>Mil\u00ed obyvatel\u00e9 domu, sousedi..<\/p>\n<p>Vzhledem jist\u00fdm ud\u00e1lostem, kter\u00e9 nastaly p\u0159i v\u00fdb\u011bru firmy na vykl\u00edzen\u00ed sklep\u016f a jejich nejasn\u00fdch form\u00e1ln\u00edch nab\u00eddek p\u0159edlo\u017een\u00fdch k v\u00fdb\u011bru, se pozastavuje proces vykl\u00edzen\u00ed na\u0161ich sklep\u016f. Od\u016fvodn\u011bn\u00ed najdete zde v otev\u0159en\u00e9m e-mailov\u00e9m dopisu na\u0161emu \u0159editeli panu Pap\u00edrn\u00edkovi z na\u0161\u00ed spr\u00e1vcovsk\u00e9 firmy LBD8.<\/p>\n<p>&#8212;&#8212;&#8212;&#8212;&#8212;&#8212;&#8212;&#8212;&#8212;&#8212;&#8212;&#8212;&#8212;&#8212;&#8212;&#8212;&#8212;&#8212;&#8212;&#8212;&#8212;&#8212;&#8212;&#8212;&#8212;&#8212;&#8212;&#8212;&#8212;<\/p>\n<p>&nbsp;<\/p>\n<p>Dobr\u00fd den pane Pap\u00edrn\u00edku,<\/p>\n<p>&nbsp;<\/p>\n<p>Po dlouhodob\u00e9 \u00favaze, ohledn\u011b rekonstrukce na\u0161ich sklepn\u00edch prostor\u016f, V\u00e1s chceme\u00a0 my, obyvatel\u00e9 domu,\u00a0 po\u017e\u00e1dat o zastaven\u00ed\u00a0\u00a0 t\u00e9to akce a to z v\u00e1\u017en\u00fdch d\u016fvod\u016f a nedostatk\u016f , kter\u00e9 zde uv\u00e1d\u00edme:<\/p>\n<p>&nbsp;<\/p>\n<ol>\n<li>\u00a0Dosava\u010f nen\u00ed vy\u0159e\u0161ena celkov\u00e1 koncepce tohoto projektu\/ p\u0159edev\u0161\u00edm nen\u00ed do\u0159e\u0161ena cenov\u00e1 nab\u00eddka na v\u00fdstavbu na\u0161ich nov\u00fdch sklep\u016f a p\u0159\u00edslu\u0161n\u00fd \u010dasov\u00fd\u00a0\u00a0 harmonogram, aby byla n\u00e1vaznost a obyvatel\u00e9 domu v\u011bd\u011bli, kdy si mohou nast\u011bhovat sv\u00e9 v\u011bci zp\u011bt a p\u0159ipravili se na to.<\/li>\n<\/ol>\n<p>&nbsp;<\/p>\n<ol start=\"2\">\n<li>Nel\u00edb\u00ed se n\u00e1m zp\u016fsob a forma podan\u00fdch sou\u010dasn\u00fdch nab\u00eddek, kdy prvn\u00ed cena od firmy:<\/li>\n<\/ol>\n<p>&nbsp;<\/p>\n<p><strong>Spr\u00e1va a \u00fadr\u017eba nemovistosti<\/strong><\/p>\n<p>Ber\u00e1nkov\u00e1 Zdenka<\/p>\n<p>Pod Jarovem 24\/2034<\/p>\n<p>Praha 3<\/p>\n<p>byla za 80.000 K\u010d, kterou obdr\u017eel pan Hru\u0161ka\u00a0\u00a0 p\u0159ed za\u010d\u00e1tkem pr\u00e1zdnin roku 2014.<\/p>\n<p>&nbsp;<\/p>\n<p>Pan Hru\u0161ka osobn\u011b zkusil b\u011bhem pr\u00e1zdnin zmapovat re\u00e1lnou cenovou situaci tohoto bour\u00e1n\u00ed , n\u00e1sledn\u00e9ho vykl\u00edzen\u00ed a poda\u0159ilo se mu sehnat firmu<\/p>\n<p><strong>Vianor s.r.o,<\/strong> kter\u00e1 po osobn\u00ed prohl\u00eddce sou\u010dasn\u00e9ho stavu sklepen\u00ed, za \u00fa\u010dasti p\u0159\u00edtomnosti pana Hru\u0161ky poslala cenovou nab\u00eddku o 10.000 K\u010d levn\u011bj\u0161\u00ed.<\/p>\n<p>&nbsp;<\/p>\n<p>Tato nab\u00eddka byla odesl\u00e1na panem Hru\u0161kou dne 27.8.2014 technikovi dru\u017estva panu Sas\u00e1kovi s koment\u00e1\u0159em, \u017ee se mu poda\u0159ilo sehnat firmu, kter\u00e1 n\u00e1m to ud\u011bl\u00e1 za levn\u011bj\u0161\u00ed pen\u00edz.\u00a0\u00a0 Odpov\u011b\u010f od n\u011bj p\u0159i\u0161la je\u0161t\u011b t\u00e9ho\u017e dne, se slovy: tak\u00e9 jsem nelenil a pos\u00edl\u00e1m dv\u011b cenov\u00e9 nab\u00eddky. Jedna nab\u00eddka byla op\u011bt od firmy:<\/p>\n<p>&nbsp;<\/p>\n<p><strong>Spr\u00e1va a \u00fadr\u017eba nemovistosti<\/strong><\/p>\n<p>Ber\u00e1nkov\u00e1 Zdenka<\/p>\n<p>Pod Jarovem 24\/2034<\/p>\n<p>Praha 3<\/p>\n<p>&nbsp;<\/p>\n<p>ale tentokr\u00e1t s cenou za 60.000 K\u010d a druh\u00e1 nab\u00eddka od firmy:<\/p>\n<p>&nbsp;<\/p>\n<p><strong>Richard Pavl\u00edk<\/strong><\/p>\n<p>Du\u0161n\u00edky 37<\/p>\n<p>Ob\u0159\u00edstv\u00ed<\/p>\n<p>s cenou na p\u016fvodn\u00edch 80.000 K\u010d.<\/p>\n<p>&nbsp;<\/p>\n<p>Absolutn\u011b jsme nepochopili, pro\u010d\u00a0 byla panu Hru\u0161kovi pos\u00edl\u00e1na nab\u00eddka od jin\u00e9 firmy \/Richard Pavl\u00edk\/ za stejnou p\u016fvodn\u00ed \u010d\u00e1stku 80.000 K\u010d a d\u00e1le co se stalo, \u017ee prvn\u00ed firma najednou zlevnila skoro o \u010dtvrtinu ceny svoj\u00ed p\u016fvodn\u00ed nab\u00eddku ?<\/p>\n<p>&nbsp;<\/p>\n<p>D\u00e1le se n\u00e1m nel\u00edb\u00ed zp\u016fsob a p\u0159edlo\u017een\u00e1 forma t\u011bchto nab\u00eddek, kde chyb\u00ed jist\u00e9 z\u00e1kladn\u00ed n\u00e1le\u017eitosti jako je datum zpracovan\u00ed nab\u00eddky, v\u010detn\u011b raz\u00edtek p\u0159\u00edslu\u0161n\u00fdch firem, identifika\u010dn\u00edch znak\u016f jako je I\u010cO\u00a0 atd.\u00a0\u00a0 D\u00e1le to dle na\u0161eho n\u00e1zoru bylo zvl\u00e1\u0161tn\u011b skenov\u00e1no a upravov\u00e1no a\u00a0\u00a0 pravd\u011bpodobn\u011b, je\u0161t\u011b omylem prohozen\u00e9 ceny.\u00a0\u00a0 Pro\u010d tato domn\u011bnka? Za prv\u00e9 kdy\u017e se pod\u00edv\u00e1me na tyto dokumenty , kter\u00e9 byly posl\u00e1ny, tak tomuto skutku opravdu nasv\u011bd\u010duj\u00ed.<\/p>\n<p>&nbsp;<\/p>\n<p>Za druh\u00e9 z\u00a0d\u016fvodu, \u017ee n\u00e1hodou pan\u00ed Hru\u0161kov\u00e1\u00a0 p\u0159ed sch\u016fzi kter\u00e1 byla dne 4.6.204, \u00a0potkala pana Pavl\u00edka na po\u0161t\u011b a ten se j\u00ed ptal, jak to vypad\u00e1 s t\u00edm vykl\u00edzen\u00edm sklep\u016f a ji\u017e znal p\u0159edem cenu, \u017ee se to bude d\u011blat za 60.000 K\u010d, co\u017e op\u011btovn\u011b potvrzuje na\u0161\u00ed\u00a0 domn\u011bnku, \u017ee od za\u010d\u00e1tku toto vykl\u00edzen\u00ed m\u011bla prov\u00e1d\u011bt firma Pavl\u00edk za cenu 60.000 K\u010d a provize 20.000 K\u010d m\u011bla pravd\u011bpodobn\u011b skon\u010dit v provizi na\u0161\u00ed spr\u00e1vcovsk\u00e9 firmy LBD8.\u00a0 Jinak firma Pavl\u00edk n\u00e1m odv\u00e1\u017e\u00ed popelnice k v\u00fdvozu odpadku\u00a0 a ji\u017e v minulosti se zab\u00fdvala vykl\u00edzen\u00edm na\u0161ich sklep\u016f a tud\u00ed\u017e jej\u00ed cenov\u00e9 slu\u017eby a mo\u017enosti mus\u00ed b\u00fdt pro firmu LBD8 zn\u00e1m\u00e9. Pro\u010d jeho nab\u00eddka nebyla p\u0159edlo\u017eena na poprv\u00e9 tak\u00e9?<\/p>\n<p>Pro\u010d nebylo p\u0159edlo\u017eeno v\u00edce nab\u00eddek k\u00a0 posouzen\u00ed hned napoprv\u00e9? Pro\u010d se najednou za\u010dala vyv\u00edjet rychl\u00e1 aktivita ze strany dru\u017estva a\u017e po posl\u00e1n\u00ed\u00a0\u00a0levn\u011bj\u0161\u00ed cenov\u00e9 nab\u00eddky panem Hru\u0161kou dne 27.8.2014 . Kdyby osobn\u011b neposlal ni\u017e\u0161\u00ed cenovou nab\u00eddku, tak by fin\u00e1ln\u00ed cena byla p\u016fvodn\u00edch 80.000 K\u010d a p\u0159itom dnes ji\u017e v\u00edme, \u017ee se to d\u00e1 ud\u011blat levn\u011bji, kdy\u017e se vyvine\u00a0 trochu v\u011bt\u0161\u00ed snaha.<\/p>\n<p>&nbsp;<\/p>\n<ol start=\"3\">\n<li>Dle z\u00e1pisu s posledn\u00ed sch\u016fze ze dne 4.6.2014, m\u011bla b\u00fdt vyv\u011b\u0161ena do 31.8.2014 v obou vchodech na p\u0159\u00edslu\u0161n\u00fdch n\u00e1st\u011bnk\u00e1ch\u00a0 informace pro obyvatele domu o vykl\u00edzen\u00ed sklep\u016f, ale do dne\u0161n\u00edho dne 1.9.2014 v\u00a0 7:04\u00a0 tam \u017e\u00e1dn\u00e1 informace prost\u011b nen\u00ed a v\u00a0ostatn\u00edch prostorech domu taky ne. Tak\u017ee n\u00e1\u0161 spr\u00e1vce domu, spr\u00e1vcovsk\u00e1 firma LBD8 , nesplnila\u00a0 svoji povinnost.<\/li>\n<\/ol>\n<p>&nbsp;<\/p>\n<p>Pokud to z\u00e1v\u011brem shrneme, tak spr\u00e1vce na\u0161eho domu, firma LBD8 asi nem\u00e1 z\u00e1jem o prov\u00e1d\u011bn\u00ed kvalitn\u00ed a poctiv\u011b odveden\u00e9 pr\u00e1ce za p\u0159ijateln\u00fd pen\u00edz p\u0159i t\u011bchto \u00fakonech a za co je vlastn\u011b m\u011bs\u00ed\u010dn\u011b placena z\u00a0na\u0161ich pen\u011bz a je\u0161t\u011b se pokou\u0161\u00ed n\u00e1s majitele\u00a0\u00a0 bytov\u00fdch jednotek pravd\u011bpodobn\u011b uv\u00e9st v\u00a0omyl, co se t\u00fd\u010de v\u00fd\u0161e tohoto financov\u00e1n\u00ed.<\/p>\n<p>&nbsp;<\/p>\n<p>Proto s kone\u010dnou platnost\u00ed jsme se rozhodli pozastavit ve\u0161ker\u00e9 opravy v dom\u011b\u00a0\u00a0 v ulici Nov\u00e1kov\u00fdch 59, kter\u00e9 byli dohodnuty na posledn\u00ed sch\u016fzi dne 4.6.2014 a to a\u017e do zalo\u017een\u00ed nov\u00e9ho SVJ, kter\u00e9 se bude prob\u00edrat na sch\u016fzi, kter\u00e1 bude po 14.11.2014.<\/p>\n<p>Tento otev\u0159en\u00fd dopis bude sou\u010dasn\u011b vyv\u011b\u0161en na na\u0161ich webov\u00fdch str\u00e1nk\u00e1ch, z\u00a0d\u016fvodu otev\u0159en\u00e9ho p\u0159\u00edstupu informac\u00ed pro v\u0161echny majitel\u00e9 bytov\u00fdch jednotek tohoto domu.<\/p>\n<p>&nbsp;<\/p>\n<p>S\u00a0pozdravem,<\/p>\n<p>Z\u00e1stupce za\u00a0 d\u016fm Nov\u00e1kov\u00fdch 59\/2,4<\/p>\n<p>Stanislav Hru\u0161ka, vchod \u010d\u00edslo 2<\/p>\n<p>Ing. Ji\u0159\u00ed \u0160afr\u00e1nek,\u00a0\u00a0 vchod \u010d\u00edslo 4<\/p>\n<p>&nbsp;<\/p>\n<p>&nbsp;<\/p>\n<p>V\u00a0Praze 8, dne 1.9.2014<\/p>\n<p>&nbsp;<\/p>\n<p>&nbsp;<\/p>\n<p>konec dopisu<\/p>\n<p>&nbsp;<\/p>\n<p>K tomuto dopisu jsou p\u0159ilo\u017eeny n\u00e1sleduj\u00edci dokumenty poslan\u00fdch nab\u00eddek\u00a0 ( sta\u010d\u00ed kliknout na jednotliv\u00e9\u00a0 jm\u00e9no)<\/p>\n<p><a href=\"http:\/\/www.novakovych59.cz\/wp-content\/uploads\/stopsklepy\/puvodnipapnabidka.jpg\" target=\"_blank\">Ber\u00e1nkov\u00e1 Zdenka\u00a0 &#8211; p\u016fvodn\u00ed pap\u00edrov\u00e1 forma<\/a><\/p>\n<p><a href=\"http:\/\/www.novakovych59.cz\/wp-content\/uploads\/stopsklepy\/0197_0001.pdf\" target=\"_blank\">Ber\u00e1nkov\u00e1 Zdenka-nab\u00eddka podruh\u00e9<\/a><\/p>\n<p><a href=\"http:\/\/www.novakovych59.cz\/wp-content\/uploads\/stopsklepy\/0196_0001.pdf\" target=\"_blank\">Richard Pavl\u00edk<\/a><\/p>\n<p><a href=\"http:\/\/www.novakovych59.cz\/wp-content\/uploads\/stopsklepy\/firma_sehnana_od_sh.pdf\" target=\"_blank\">Stanislav Hru\u0161ka<\/a><\/p>\n<p><a href=\"http:\/\/www.novakovych59.cz\/wp-content\/uploads\/stopsklepy\/n_v2.jpg\" target=\"_blank\">Foto n\u00e1st\u011bnky vchod 2<\/a>\u00a0\u00a0\u00a0 (foto po\u0159\u00edzeno dne 1.9.2014)<\/p>\n<p><a title=\"foto vchodu 2\" href=\"http:\/\/www.novakovych59.cz\/wp-content\/uploads\/stopsklepy\/v_v2.jpg\" target=\"_blank\">Foto vchodu 2<\/a>\u00a0\u00a0\u00a0\u00a0\u00a0\u00a0\u00a0\u00a0\u00a0\u00a0\u00a0\u00a0\u00a0\u00a0\u00a0\u00a0 \u00a0\u00a0 (foto po\u0159\u00edzeno dne 1.9.2014)<\/p>\n<p><a href=\"http:\/\/www.novakovych59.cz\/wp-content\/uploads\/stopsklepy\/n_v4.jpg\" target=\"_blank\">Foto n\u00e1st\u011bnky vchod\u00a0 4<\/a>\u00a0 (foto po\u0159\u00edzeno dne 1.9.2014)<\/p>\n<p><a title=\"vchod cislo 4\" href=\"http:\/\/www.novakovych59.cz\/wp-content\/uploads\/stopsklepy\/v_v4.jpg\" target=\"_blank\">Foto vchodu 4<\/a>\u00a0\u00a0\u00a0\u00a0\u00a0\u00a0\u00a0\u00a0\u00a0\u00a0\u00a0\u00a0\u00a0\u00a0\u00a0\u00a0\u00a0\u00a0\u00a0 (foto po\u0159\u00edzeno dne 1.9.2014)<\/p>\n<p>&nbsp;<\/p>\n<p>obyvatel\u00e9 domu..<\/p>\n<p>&#8212;&#8212;&#8212;&#8212;&#8212;&#8212;&#8212;&#8212;&#8212;&#8212;&#8212;&#8212;&#8212;&#8212;&#8212;&#8212;&#8212;&#8212;&#8212;&#8212;&#8212;&#8212;&#8212;&#8212;&#8212;&#8212;&#8212;&#8212;&#8212;<\/p>\n<p>Zde je dal\u0161\u00ed pokra\u010dov\u00e1n\u00ed v emailov\u00e9 \u00a0korespondenci<\/p>\n<p>&nbsp;<\/p>\n<p>&#8212;&#8212;&#8212;&#8212;&#8212;&#8212;&#8212;&#8212;&#8212;&#8212;&#8212;&#8212;&#8212;&#8212;&#8212;&#8212;&#8212;&#8212;&#8212;&#8212;&#8212;&#8212;&#8212;&#8212;&#8212;&#8212;&#8212;&#8212;&#8212;&#8212;-<\/p>\n<blockquote>\n<div style=\"background-color: white;\"><img loading=\"lazy\" decoding=\"async\" style=\"width: 0px; height: 0px; display: none;\" src=\"https:\/\/www.email.cz\/download\/i\/J7KaCo6eAOyWv6SjDUnfLMJnMihoIkAehjCJP1jboC5IuCaYyzutfys-rYC3SjmMclbFmOw\/image001.gif\" alt=\"\" width=\"0\" height=\"0\" \/><\/p>\n<div>\n<p><span style=\"color: #17365d; font-family: 'Calibri','sans-serif';\">V\u00e1\u017een\u00fd pane Hru\u0161ko, <\/span><\/p>\n<p><span style=\"color: #17365d; font-family: 'Calibri','sans-serif';\">nev\u00edm co V\u00e1s vede \u0159e\u0161it situaci p\u0159es \u0159editele, kter\u00fd mi postoupil Va\u0161e sd\u011blen\u00ed, a pro\u010d je nesm\u011b\u0159ujete tak\u00e9 mn\u011b. <\/span><\/p>\n<p><span style=\"color: #17365d; font-family: 'Calibri','sans-serif';\">Prim\u00e1rn\u011b \u0159e\u0161\u00edm v\u00fdb\u011brov\u00e9 \u0159\u00edzen\u00ed na dodavatele sklepn\u00edch k\u00f3j\u00ed, opravu vnit\u0159n\u00edch prostor sklepa a malby spole\u010dn\u00fdch prostor jednotliv\u00fdch podla\u017e\u00ed, abych mohl p\u0159edlo\u017eit komisi k rozhodnut\u00ed \u2013 viz Z\u00e1pis ze shrom\u00e1\u017ed\u011bn\u00ed 4.6.2014. <\/span><\/p>\n<p><span style=\"color: #17365d; font-family: 'Calibri','sans-serif';\">Zde je nutn\u00e9 zam\u011b\u0159it st\u00e1vaj\u00edc\u00ed stav a vypo\u010d\u00edtat nov\u00e9 velikosti k\u00f3j\u00ed dle pod\u00edl\u016f z plochy jednotliv\u00fdch jednotek. Tady m\u011b mrz\u00ed, \u017ee jste ne\u00fa\u010dastnil dohled\u00e1n\u00ed um\u00edst\u011bn\u00ed jednotliv\u00fdch k\u00f3j\u00ed jak jste sl\u00edbil. Zajistil jsem V\u00e1m i p\u016fdorysy. <\/span><\/p>\n<p><span style=\"color: #17365d; font-family: 'Calibri','sans-serif';\">Vyklizen\u00ed sklepa je dle bodu Ad a) zad\u00e1no spr\u00e1vci, v\u010detn\u011b term\u00ednu na ozn\u00e1men\u00ed o vyklizen\u00ed a term\u00ednu realizace. Proto byl oslovena firma pana Pavl\u00edka a jeho cenov\u00e1 nab\u00eddka p\u0159ed\u00e1na v \u010dervnu jeho prost\u0159ednictv\u00ed i V\u00e1m. <\/span><\/p>\n<p><span style=\"color: #17365d; font-family: 'Calibri','sans-serif';\">Term\u00edn byl vyv\u011b\u0161en v souladu se Z\u00e1pisem a nyn\u00ed p\u0159ich\u00e1z\u00edte s protinab\u00eddkou na vyklizen\u00ed. Samoz\u0159ejm\u011b jsem musel informovat p\u016fvodn\u00edho dodavatele, aby zat\u00edm nepl\u00e1noval akci a ten reagoval novou cenovou nab\u00eddkou. Mysl\u00edm \u017ee nen\u00ed d\u016fle\u017eit\u00fd tvar a \u00faprava, ale v\u00fdsledn\u00e1 cena a kvalita. A cenu m\u00e1me d\u00edky V\u00e1m, a\u0165 u\u017e to bude prov\u00e1d\u011bt kdokoli, pon\u00ed\u017eenou a m\u016f\u017eeme se domlouvat s k\u00fdm uzav\u0159eme smlouvu o d\u00edlo. <\/span><\/p>\n<p><span style=\"color: #17365d; font-family: 'Calibri','sans-serif';\">Jestli \u017ee jste ob\u010das kontroloval stav sklepa, v\u00edte \u017ee je tu velk\u00fd n\u00e1r\u016fst materi\u00e1lu k likvidaci. Jako by lid\u00e9 cht\u011bli vyu\u017e\u00edt pl\u00e1novan\u00e9 vykl\u00edzen\u00ed k zbaven\u00ed se dal\u0161\u00edch nepot\u0159ebn\u00fdch v\u011bc\u00ed. To by se mohlo projevit na v\u00fdsledn\u00e9 cen\u011b za vyklizen\u00ed, nutno o\u0161et\u0159it v cenov\u00e9 nab\u00eddce i ve smlouv\u011b o d\u00edlo. <\/span><\/p>\n<p><span style=\"color: #17365d; font-family: 'Calibri','sans-serif';\">P\u0159ipom\u00edn\u00e1m, \u017ee dle Z\u00e1pisu ub\u011bhl 30.8.2014 term\u00edn k dod\u00e1n\u00ed seznamu vlastn\u00edk\u016f, kte\u0159\u00ed cht\u011bj\u00ed prov\u00e9st se\u0159\u00edzen\u00ed oken v bytech. \u017d\u00e1d\u00e1m o zaji\u0161t\u011bn\u00ed. <\/span><\/p>\n<p><span style=\"color: #17365d; font-family: 'Calibri','sans-serif';\">Jinak si mysl\u00edm, \u017ee v\u0161echny nahl\u00e1\u0161en\u00e9 a pot\u0159ebn\u00e9 opravy jsou \u0159\u00e1dn\u011b prov\u00e1d\u011bny a <span style=\"text-decoration: underline;\">v\u017edy n\u00e1m i V\u00e1m p\u016fjde o spokojenost vlastn\u00edk\u016f a u\u017eivatel\u016f domu.<\/span>\u00a0<\/span><\/p>\n<p><span style=\"color: #17365d; font-family: 'Calibri','sans-serif';\">S pozdravem <\/span><\/p>\n<p>&nbsp;<\/p>\n<p><span style=\"color: #17365d; font-family: 'Calibri','sans-serif';\">Tom\u00e1\u0161 Sas\u00e1k <\/span><\/p>\n<p><span style=\"color: #17365d; font-family: 'Calibri','sans-serif';\">technik <\/span><\/p>\n<p><span style=\"color: #17365d; font-family: 'Calibri','sans-serif';\">Lidov\u00e9 bytov\u00e9 dru\u017estvo Praha 8 <\/span><\/p>\n<p><span style=\"color: #17365d; font-family: 'Calibri','sans-serif';\">V Zahrad\u00e1ch 786\/21, 180 00 Praha 8 <\/span><\/p>\n<p><span style=\"color: #17365d; font-family: 'Calibri','sans-serif';\">tel. 283 840 808, mob. 603 173 349 <\/span><\/p>\n<p><span style=\"color: #17365d; font-family: 'Calibri','sans-serif';\"><a href=\"mailto:info@lbd8.cz\" target=\"_blank\"><span style=\"color: #17365d;\">info@lbd8.cz<\/span><\/a> <\/span><\/p>\n<p>&#8212;&#8212;&#8212;&#8212;&#8212;&#8212;&#8212;&#8212;&#8212;&#8212;&#8212;&#8212;&#8212;&#8212;&#8212;&#8212;&#8212;&#8212;&#8212;&#8212;&#8212;&#8212;&#8212;&#8212;&#8212;&#8212;&#8212;&#8212;&#8211;<\/p>\n<p>Na\u0161e odpov\u011b\u010f na tento email:<\/p>\n<p>&nbsp;<\/p>\n<p>Dobr\u00fd den pane Sas\u00e1ku a pane Pap\u00edrn\u00edku,<\/p>\n<p>&nbsp;<\/p>\n<p>Nel\u00edb\u00ed se n\u00e1m p\u0159edev\u0161\u00edm tyto v\u011bci:<br \/>\n1.\u017d\u00e1dn\u00e1 informace o vykl\u00edzen\u00ed sklep\u016f nebyla vyv\u011b\u0161ena do 31.8 ve vchod\u011b 2 a 4 na na\u0161ich n\u00e1st\u011bnk\u00e1ch, dle z\u00e1pisu ze dne 4.6.2014.. Viz aktu\u00e1ln\u00ed foto na na\u0161ich webov\u00fdch str\u00e1nk\u00e1ch, kter\u00e9 bylo po\u0159\u00edzeno v rann\u00edch hodin\u00e1ch dne 1.09.2014.<br \/>\n2.Nab\u00eddka pana Pavl\u00edka na \u010d\u00e1stku 80.000 mi byla posl\u00e1na a\u017e e-mailem dne 27.8.2014 sou\u010dasn\u011b s novou nab\u00eddkou firmy Ber\u00e1nkov\u00e1 Zdenka na 60.000 k\u010d a ne v \u010dervnu jak p\u00ed\u0161ete. V \u010dervnu jsem obdr\u017eel pouze nab\u00eddku v pap\u00edrov\u00e9 podob\u011b na \u010d\u00e1stku 80.000 a to prvn\u011b od firmy Ber\u00e1nkov\u00e1 Zdenka.<\/p>\n<p>&nbsp;<\/p>\n<p>Doporu\u010duji se pod\u00edvat do odeslan\u00e9 po\u0161ty. M\u00e1te v tom trochu zmatek.<\/p>\n<p>&nbsp;<\/p>\n<p>3.P\u0159edev\u0161\u00edm forma podan\u00fdch nab\u00eddek je velmi d\u016fle\u017eit\u00e1, proto\u017ee m\u00e1 prokazovat pravost a jasn\u00fd p\u016fvod od jednotliv\u00fdch uchaze\u010d\u016f o danou zak\u00e1zku. Nezlobte se, ale ty nab\u00eddky co jste poslal, by stvo\u0159ilo 13.let\u00e9 d\u00edt\u011b a ne firma, kter\u00e1 je profesionaln\u00ed a pln\u011b transparentn\u00ed ve sv\u00e9m oboru. Proto tyto dal\u0161\u00ed pochyby.<br \/>\n4. Kdyby jste trochu \u010dasu v\u00edce v\u011bnoval na\u0161emu domu, tak by jste zjistil, \u017ee seznam z\u00e1jemc\u016f o se\u0159\u00edzen\u00ed oken je ji\u017e d\u00e1vno na na\u0161ich webov\u00fdch str\u00e1nk\u00e1ch.<\/p>\n<p>&nbsp;<\/p>\n<p>5.E-mail panu \u0159editeli p\u0159i\u0161el z informativn\u00edho d\u016fvodu, aby v\u011bd\u011bl co se n\u00e1m nel\u00edb\u00ed a jak pracuj\u00ed zmate\u010dn\u011b a neprofesion\u00e1ln\u011b n\u011bkte\u0159\u00ed jeho pod\u0159\u00edzen\u00ed.<br \/>\n6. Celkov\u011b vzato, nel\u00edb\u00ed se n\u00e1m sp\u016fsob tohoto po\u010dinu, kdy jsme m\u00e1lem p\u0159i\u0161li o dvacet tis\u00edc ze spole\u010dn\u00e9 kasy a kdyby nebylo m\u00e9 snahy, tak by to tak ve fin\u00e1le dopadlo. Mo\u017en\u00e1 pro V\u00e1s \u010d\u00e1stka 20.000 k\u010d nic neznamen\u00e1, ale pro n\u00e1s je to hodn\u011b pen\u011bz. Takhle se dobr\u00fd spr\u00e1vce a hospod\u00e1\u0159 na\u0161eho domu, kter\u00e9ho si plat\u00edme, prost\u011b nechov\u00e1.<\/p>\n<p>&nbsp;<\/p>\n<p><strong><span style=\"color: #e02813;\">Z\u00e1v\u011brem op\u011bt zd\u016fraz\u0148ujeme, \u017ee ve\u0161ker\u00e9 projekty domluven\u00e9 na spole\u010dn\u00e9 sch\u016fzi dne 4.6.2014 ru\u0161\u00edme a to a\u017e do zalo\u017een\u00ed nov\u00e9ho SVJ a toto na\u0161e stanovisko je nem\u011bnn\u00e9 !!!!!<\/span><\/strong><br \/>\nS pozdravem,<br \/>\nStanislav Hru\u0161ka<\/p>\n<p>&nbsp;<\/p>\n<p>konec emailov\u00e9 korespondence<\/p>\n<\/div>\n<\/div>\n<\/blockquote>\n<p>&nbsp;<\/p>\n<p>&nbsp;<\/p>\n<p>&nbsp;<\/p>\n<p>&nbsp;<\/p>\n","protected":false},"excerpt":{"rendered":"<p>Mil\u00ed obyvatel\u00e9 domu, sousedi.. Vzhledem jist\u00fdm ud\u00e1lostem, kter\u00e9 nastaly p\u0159i v\u00fdb\u011bru firmy na vykl\u00edzen\u00ed sklep\u016f a jejich nejasn\u00fdch form\u00e1ln\u00edch nab\u00eddek p\u0159edlo\u017een\u00fdch k v\u00fdb\u011bru, se pozastavuje proces vykl\u00edzen\u00ed na\u0161ich sklep\u016f. Od\u016fvodn\u011bn\u00ed najdete zde v otev\u0159en\u00e9m e-mailov\u00e9m dopisu na\u0161emu \u0159editeli panu Pap\u00edrn\u00edkovi &#8230; <a class=\"more-link\" href=\"https:\/\/www.novakovych59.cz\/?page_id=225\">\u010c\u00edst v\u00edce &raquo;<\/a><\/p>\n","protected":false},"author":1,"featured_media":0,"parent":20,"menu_order":0,"comment_status":"open","ping_status":"closed","template":"","meta":{"footnotes":""},"class_list":["post-225","page","type-page","status-publish","hentry"],"_links":{"self":[{"href":"https:\/\/www.novakovych59.cz\/index.php?rest_route=\/wp\/v2\/pages\/225","targetHints":{"allow":["GET"]}}],"collection":[{"href":"https:\/\/www.novakovych59.cz\/index.php?rest_route=\/wp\/v2\/pages"}],"about":[{"href":"https:\/\/www.novakovych59.cz\/index.php?rest_route=\/wp\/v2\/types\/page"}],"author":[{"embeddable":true,"href":"https:\/\/www.novakovych59.cz\/index.php?rest_route=\/wp\/v2\/users\/1"}],"replies":[{"embeddable":true,"href":"https:\/\/www.novakovych59.cz\/index.php?rest_route=%2Fwp%2Fv2%2Fcomments&post=225"}],"version-history":[{"count":12,"href":"https:\/\/www.novakovych59.cz\/index.php?rest_route=\/wp\/v2\/pages\/225\/revisions"}],"predecessor-version":[{"id":270,"href":"https:\/\/www.novakovych59.cz\/index.php?rest_route=\/wp\/v2\/pages\/225\/revisions\/270"}],"up":[{"embeddable":true,"href":"https:\/\/www.novakovych59.cz\/index.php?rest_route=\/wp\/v2\/pages\/20"}],"wp:attachment":[{"href":"https:\/\/www.novakovych59.cz\/index.php?rest_route=%2Fwp%2Fv2%2Fmedia&parent=225"}],"curies":[{"name":"wp","href":"https:\/\/api.w.org\/{rel}","templated":true}]}}