{"id":1245,"date":"2026-01-26T23:27:30","date_gmt":"2026-01-26T21:27:30","guid":{"rendered":"https:\/\/www.novakovych59.cz\/?page_id=1245"},"modified":"2026-01-26T23:27:30","modified_gmt":"2026-01-26T21:27:30","slug":"uprava-vodomerne-sestavy-v-dome","status":"publish","type":"page","link":"https:\/\/www.novakovych59.cz\/?page_id=1245","title":{"rendered":"\u00daprava vodom\u011brn\u00e9 sestavy v dom\u011b"},"content":{"rendered":"<p><img loading=\"lazy\" decoding=\"async\" class=\"alignnone size-full wp-image-1246\" src=\"https:\/\/www.novakovych59.cz\/wp-content\/uploads\/2026\/01\/Uprava-vodomerne-soustavy_2026_1.pdf-Adobe-Acrobat-Reader-64-bit.jpg\" alt=\"\" width=\"690\" height=\"942\" srcset=\"https:\/\/www.novakovych59.cz\/wp-content\/uploads\/2026\/01\/Uprava-vodomerne-soustavy_2026_1.pdf-Adobe-Acrobat-Reader-64-bit.jpg 690w, https:\/\/www.novakovych59.cz\/wp-content\/uploads\/2026\/01\/Uprava-vodomerne-soustavy_2026_1.pdf-Adobe-Acrobat-Reader-64-bit-220x300.jpg 220w, https:\/\/www.novakovych59.cz\/wp-content\/uploads\/2026\/01\/Uprava-vodomerne-soustavy_2026_1.pdf-Adobe-Acrobat-Reader-64-bit-110x150.jpg 110w\" sizes=\"auto, (max-width: 690px) 100vw, 690px\" \/><\/p>\n","protected":false},"excerpt":{"rendered":"","protected":false},"author":1,"featured_media":0,"parent":0,"menu_order":0,"comment_status":"closed","ping_status":"closed","template":"","meta":{"footnotes":""},"class_list":["post-1245","page","type-page","status-publish","hentry"],"_links":{"self":[{"href":"https:\/\/www.novakovych59.cz\/index.php?rest_route=\/wp\/v2\/pages\/1245","targetHints":{"allow":["GET"]}}],"collection":[{"href":"https:\/\/www.novakovych59.cz\/index.php?rest_route=\/wp\/v2\/pages"}],"about":[{"href":"https:\/\/www.novakovych59.cz\/index.php?rest_route=\/wp\/v2\/types\/page"}],"author":[{"embeddable":true,"href":"https:\/\/www.novakovych59.cz\/index.php?rest_route=\/wp\/v2\/users\/1"}],"replies":[{"embeddable":true,"href":"https:\/\/www.novakovych59.cz\/index.php?rest_route=%2Fwp%2Fv2%2Fcomments&post=1245"}],"version-history":[{"count":1,"href":"https:\/\/www.novakovych59.cz\/index.php?rest_route=\/wp\/v2\/pages\/1245\/revisions"}],"predecessor-version":[{"id":1247,"href":"https:\/\/www.novakovych59.cz\/index.php?rest_route=\/wp\/v2\/pages\/1245\/revisions\/1247"}],"wp:attachment":[{"href":"https:\/\/www.novakovych59.cz\/index.php?rest_route=%2Fwp%2Fv2%2Fmedia&parent=1245"}],"curies":[{"name":"wp","href":"https:\/\/api.w.org\/{rel}","templated":true}]}}