{"id":1203,"date":"2025-03-13T22:43:16","date_gmt":"2025-03-13T20:43:16","guid":{"rendered":"https:\/\/www.novakovych59.cz\/?page_id=1203"},"modified":"2025-03-13T22:43:16","modified_gmt":"2025-03-13T20:43:16","slug":"kontrola-a-cisteni-spalinovych-cest-2025","status":"publish","type":"page","link":"https:\/\/www.novakovych59.cz\/?page_id=1203","title":{"rendered":"Kontrola a \u010di\u0161t\u011bn\u00ed spalinov\u00fdch cest 2025"},"content":{"rendered":"<p>Mil\u00ed soused\u00e9,<\/p>\n<p>Dovolujeme si V\u00e1m ozn\u00e1mit, \u017ee bude prob\u00edhat op\u011btovn\u00e9 ka\u017edoro\u010dn\u00e9 \u010di\u0161t\u011bn\u00ed na\u0161ich spalinov\u00fdch cest v na\u0161ich jednotk\u00e1ch.<\/p>\n<p>Pros\u00edm o zaji\u0161t\u011bn\u00ed p\u0159\u00edstupu do jednotky, pokud pou\u017e\u00edvate spot\u0159ebi\u010d s odtahem do kom\u00edna<\/p>\n<p>Podrobn\u011bj\u0161\u00ed info naleznete n\u00ed\u017ee v ozn\u00e1men\u00ed od kominictv\u00ed \u0160alounov\u00e1 s.r.o.<\/p>\n<p>Oznamen\u00ed je tak\u00e9 vyv\u011b\u0161eno\u00a0 v na\u0161ich vchodech, aby byli v\u0161ichni informov\u00e1ni.<\/p>\n<p><strong>Datum kon\u00e1n\u00ed je 27.3.2025 od 8 hodin<\/strong><\/p>\n<p>&nbsp;<\/p>\n<p><img loading=\"lazy\" decoding=\"async\" class=\"alignnone  wp-image-1202\" src=\"https:\/\/www.novakovych59.cz\/wp-content\/uploads\/2025\/03\/Kominy-2025.jpg\" alt=\"\" width=\"701\" height=\"964\" srcset=\"https:\/\/www.novakovych59.cz\/wp-content\/uploads\/2025\/03\/Kominy-2025.jpg 678w, https:\/\/www.novakovych59.cz\/wp-content\/uploads\/2025\/03\/Kominy-2025-218x300.jpg 218w, https:\/\/www.novakovych59.cz\/wp-content\/uploads\/2025\/03\/Kominy-2025-109x150.jpg 109w\" sizes=\"auto, (max-width: 701px) 100vw, 701px\" \/> Za Svj v\u00fdbor<\/p>\n<p>Stanislav Hru\u0161ka<\/p>\n","protected":false},"excerpt":{"rendered":"<p>Mil\u00ed soused\u00e9, Dovolujeme si V\u00e1m ozn\u00e1mit, \u017ee bude prob\u00edhat op\u011btovn\u00e9 ka\u017edoro\u010dn\u00e9 \u010di\u0161t\u011bn\u00ed na\u0161ich spalinov\u00fdch cest v na\u0161ich jednotk\u00e1ch. Pros\u00edm o zaji\u0161t\u011bn\u00ed p\u0159\u00edstupu do jednotky, pokud pou\u017e\u00edvate spot\u0159ebi\u010d s odtahem do kom\u00edna Podrobn\u011bj\u0161\u00ed info naleznete n\u00ed\u017ee v ozn\u00e1men\u00ed od kominictv\u00ed \u0160alounov\u00e1 &#8230; <a class=\"more-link\" href=\"https:\/\/www.novakovych59.cz\/?page_id=1203\">\u010c\u00edst v\u00edce &raquo;<\/a><\/p>\n","protected":false},"author":1,"featured_media":0,"parent":0,"menu_order":0,"comment_status":"closed","ping_status":"closed","template":"","meta":{"footnotes":""},"class_list":["post-1203","page","type-page","status-publish","hentry"],"_links":{"self":[{"href":"https:\/\/www.novakovych59.cz\/index.php?rest_route=\/wp\/v2\/pages\/1203","targetHints":{"allow":["GET"]}}],"collection":[{"href":"https:\/\/www.novakovych59.cz\/index.php?rest_route=\/wp\/v2\/pages"}],"about":[{"href":"https:\/\/www.novakovych59.cz\/index.php?rest_route=\/wp\/v2\/types\/page"}],"author":[{"embeddable":true,"href":"https:\/\/www.novakovych59.cz\/index.php?rest_route=\/wp\/v2\/users\/1"}],"replies":[{"embeddable":true,"href":"https:\/\/www.novakovych59.cz\/index.php?rest_route=%2Fwp%2Fv2%2Fcomments&post=1203"}],"version-history":[{"count":1,"href":"https:\/\/www.novakovych59.cz\/index.php?rest_route=\/wp\/v2\/pages\/1203\/revisions"}],"predecessor-version":[{"id":1204,"href":"https:\/\/www.novakovych59.cz\/index.php?rest_route=\/wp\/v2\/pages\/1203\/revisions\/1204"}],"wp:attachment":[{"href":"https:\/\/www.novakovych59.cz\/index.php?rest_route=%2Fwp%2Fv2%2Fmedia&parent=1203"}],"curies":[{"name":"wp","href":"https:\/\/api.w.org\/{rel}","templated":true}]}}