{"id":1065,"date":"2022-02-11T23:40:23","date_gmt":"2022-02-11T21:40:23","guid":{"rendered":"https:\/\/www.novakovych59.cz\/?page_id=1065"},"modified":"2022-02-11T23:40:23","modified_gmt":"2022-02-11T21:40:23","slug":"servis-vytahu-v-dome","status":"publish","type":"page","link":"https:\/\/www.novakovych59.cz\/?page_id=1065","title":{"rendered":"Servis v\u00fdtahu v dom\u011b"},"content":{"rendered":"<p style=\"text-align: center;\"><strong><u>OZN\u00c1MEN\u00cd O OPRAV\u011a V\u00ddTAHU<\/u><\/strong><\/p>\n<p>Oznamujeme v\u0161em obyvatel\u016fm v dom\u011b,<\/p>\n<p>\u017de dojde k oprav\u011b na\u0161ich v\u00fdtahu dle p\u0159ilo\u017een\u00e9ho harmonogramu, kter\u00fd bude rozlo\u017een na dv\u011b f\u00e1ze.. Viz podrobn\u011bj\u0161\u00ed info n\u00ed\u017ee..<\/p>\n<p>&nbsp;<\/p>\n<p><strong>OBJEKT:<\/strong> \u00a0\u00a0\u00a0\u00a0\u00a0\u00a0 \u00a0\u00a0\u00a0\u00a0\u00a0\u00a0\u00a0\u00a0\u00a0\u00a0\u00a0 <strong>Nov\u00e1kov\u00fdch 59\/2<\/strong><\/p>\n<p><strong>TYP OPRAVY:<\/strong>\u00a0\u00a0\u00a0\u00a0\u00a0\u00a0\u00a0\u00a0 PL\u00c1NOVAN\u00c1 V\u00ddM\u011aNA VOD\u00cdC\u00cdCH LI\u0160T DVE\u0158\u00cd V\u00ddTAHU<\/p>\n<p><strong>DODAVATEL:\u00a0\u00a0\u00a0\u00a0\u00a0\u00a0\u00a0\u00a0\u00a0 KONE \u010cesk\u00e1 republika, <\/strong>Evropsk\u00e1 423\/178, Praha 6.<\/p>\n<p>&nbsp;<\/p>\n<p><strong>P\u00e1tek dne<span style=\"color: #ff0000;\"> 18.2.2022<\/span>, prob\u011bhnou v \u010dase 8:00 \u2013 15:30 hod. pl\u00e1novan\u00e9 servisn\u00ed pr\u00e1ce na domovn\u00edm v\u00fdtahu<\/strong><strong>. <\/strong><\/p>\n<p><strong>Po\u00a0tuto dobu nebude v\u00fdtah v\u00a0provozu. Nebude mo\u017eno jakkoliv v\u00fdtah pou\u017e\u00edt! <\/strong><\/p>\n<p>&#8212;&#8212;&#8212;&#8212;&#8212;&#8212;&#8212;&#8212;&#8212;&#8212;&#8212;&#8212;&#8212;&#8212;&#8212;&#8212;&#8212;&#8212;&#8212;&#8212;&#8212;&#8212;&#8212;&#8212;&#8212;&#8212;&#8212;&#8212;&#8212;&#8212;&#8212;&#8212;&#8212;&#8212;&#8212;&#8212;&#8212;&#8212;&#8212;&#8212;&#8212;&#8212;&#8212;&#8212;&#8212;&#8212;-<\/p>\n<p><strong>OBJEKT:<\/strong> \u00a0\u00a0\u00a0\u00a0\u00a0\u00a0 \u00a0\u00a0\u00a0\u00a0\u00a0\u00a0\u00a0\u00a0\u00a0<strong>\u00a0\u00a0 Nov\u00e1kov\u00fdch 59\/4<\/strong><\/p>\n<p><strong>TYP OPRAVY:<\/strong>\u00a0\u00a0\u00a0\u00a0\u00a0\u00a0\u00a0\u00a0 PL\u00c1NOVAN\u00c1 V\u00ddM\u011aNA VOD\u00cdC\u00cdCH LI\u0160T DVE\u0158\u00cd V\u00ddTAHU<\/p>\n<p><strong>DODAVATEL:\u00a0\u00a0\u00a0\u00a0\u00a0\u00a0\u00a0\u00a0\u00a0 KONE \u010cesk\u00e1 republika, <\/strong>Evropsk\u00e1 423\/178, Praha 6.<\/p>\n<p>&nbsp;<\/p>\n<p><strong>Sobota dne <span style=\"color: #ff0000;\">19.2.2022<\/span>, prob\u011bhnou v \u010dase 8:00 \u2013 15:30 hod. pl\u00e1novan\u00e9 servisn\u00ed pr\u00e1ce na domovn\u00edm v\u00fdtahu<\/strong><strong>. <\/strong><\/p>\n<p><strong>Po\u00a0tuto dobu nebude v\u00fdtah v\u00a0provozu. Nebude mo\u017eno jakkoliv v\u00fdtah pou\u017e\u00edt!<\/strong><\/p>\n<p>Omlouv\u00e1me se za zt\u00ed\u017een\u00e9 podm\u00ednky v\u00a0dom\u011b po dobu prov\u00e1d\u011bn\u00ed t\u00e9to opravy.<\/p>\n<p>&nbsp;<\/p>\n<p>Informace: Lidov\u00e9 bytov\u00e9 dru\u017estvo Praha 8, tel. 603 173 349<\/p>\n","protected":false},"excerpt":{"rendered":"<p>OZN\u00c1MEN\u00cd O OPRAV\u011a V\u00ddTAHU Oznamujeme v\u0161em obyvatel\u016fm v dom\u011b, \u017de dojde k oprav\u011b na\u0161ich v\u00fdtahu dle p\u0159ilo\u017een\u00e9ho harmonogramu, kter\u00fd bude rozlo\u017een na dv\u011b f\u00e1ze.. Viz podrobn\u011bj\u0161\u00ed info n\u00ed\u017ee.. &nbsp; OBJEKT: \u00a0\u00a0\u00a0\u00a0\u00a0\u00a0 \u00a0\u00a0\u00a0\u00a0\u00a0\u00a0\u00a0\u00a0\u00a0\u00a0\u00a0 Nov\u00e1kov\u00fdch 59\/2 TYP OPRAVY:\u00a0\u00a0\u00a0\u00a0\u00a0\u00a0\u00a0\u00a0 PL\u00c1NOVAN\u00c1 V\u00ddM\u011aNA VOD\u00cdC\u00cdCH LI\u0160T &#8230; <a class=\"more-link\" href=\"https:\/\/www.novakovych59.cz\/?page_id=1065\">\u010c\u00edst v\u00edce &raquo;<\/a><\/p>\n","protected":false},"author":1,"featured_media":0,"parent":0,"menu_order":0,"comment_status":"closed","ping_status":"closed","template":"","meta":{"footnotes":""},"class_list":["post-1065","page","type-page","status-publish","hentry"],"_links":{"self":[{"href":"https:\/\/www.novakovych59.cz\/index.php?rest_route=\/wp\/v2\/pages\/1065","targetHints":{"allow":["GET"]}}],"collection":[{"href":"https:\/\/www.novakovych59.cz\/index.php?rest_route=\/wp\/v2\/pages"}],"about":[{"href":"https:\/\/www.novakovych59.cz\/index.php?rest_route=\/wp\/v2\/types\/page"}],"author":[{"embeddable":true,"href":"https:\/\/www.novakovych59.cz\/index.php?rest_route=\/wp\/v2\/users\/1"}],"replies":[{"embeddable":true,"href":"https:\/\/www.novakovych59.cz\/index.php?rest_route=%2Fwp%2Fv2%2Fcomments&post=1065"}],"version-history":[{"count":1,"href":"https:\/\/www.novakovych59.cz\/index.php?rest_route=\/wp\/v2\/pages\/1065\/revisions"}],"predecessor-version":[{"id":1066,"href":"https:\/\/www.novakovych59.cz\/index.php?rest_route=\/wp\/v2\/pages\/1065\/revisions\/1066"}],"wp:attachment":[{"href":"https:\/\/www.novakovych59.cz\/index.php?rest_route=%2Fwp%2Fv2%2Fmedia&parent=1065"}],"curies":[{"name":"wp","href":"https:\/\/api.w.org\/{rel}","templated":true}]}}