{"id":1034,"date":"2021-09-21T17:05:04","date_gmt":"2021-09-21T15:05:04","guid":{"rendered":"https:\/\/www.novakovych59.cz\/?page_id=1034"},"modified":"2021-11-08T23:00:07","modified_gmt":"2021-11-08T21:00:07","slug":"schuze-vlastniku-bytovych-jednotek-1-2021","status":"publish","type":"page","link":"https:\/\/www.novakovych59.cz\/?page_id=1034","title":{"rendered":"Sch\u016fze vlastn\u00edk\u016f bytov\u00fdch jednotek 1\/2021"},"content":{"rendered":"<p>Dobr\u00fd den,<\/p>\n<p>SVJ v\u00fdbor si V\u00e1s dovoluje pozvat na shrom\u00e1\u017ed\u011bn\u00ed vlastn\u00edku domu Nov\u00e1kov\u00fdch 59\/2\/4, Praha 8.<\/p>\n<p>Toto shrom\u00e1\u017ed\u011bn\u00ed se bude konat dne <strong>5.10.2021 od 18:00<\/strong> a bude trvat asi 2 hodiny, proto\u017ee m\u00e1me hodn\u011b v\u011bc\u00ed k \u0159e\u0161en\u00ed.<\/p>\n<p><img loading=\"lazy\" decoding=\"async\" class=\"\" src=\"https:\/\/www.novakovych59.cz\/wp-content\/uploads\/2021\/09\/Shromazdeni_5_10_2021.jpg\" width=\"772\" height=\"771\" \/><\/p>\n<p>&nbsp;<\/p>\n<p>Pozv\u00e1nka na sch\u016fzi je\u00a0 ke sta\u017een\u00ed <a href=\"https:\/\/www.novakovych59.cz\/wp-content\/uploads\/2021\/09\/SVJ_pozvanka_shromazdeni_05_10_2021_p.pdf\">zde<\/a><\/p>\n<p>Plnou moc pro zastupov\u00e1n\u00ed, si m\u016f\u017eete st\u00e1hnout\u00a0 <a href=\"https:\/\/www.novakovych59.cz\/wp-content\/uploads\/2021\/09\/Plna-moc_na_shromazdeni_2021.pdf\">zde<\/a><\/p>\n<p>Z\u00e1pis ze sch\u016fze je k nahl\u00e9dnut\u00ed <a href=\"https:\/\/www.novakovych59.cz\/wp-content\/uploads\/2021\/11\/SVJ59-Zapis-se-schuze_5_10_2021.pdf\">zde<\/a><\/p>\n<p>D\u011bkujeme moc za Va\u0161i \u00fa\u010dast a p\u0159ejeme hezk\u00fd den.<\/p>\n<p>S pozdravem,<br \/>\nSVJ v\u00fdbor<\/p>\n","protected":false},"excerpt":{"rendered":"<p>Dobr\u00fd den, SVJ v\u00fdbor si V\u00e1s dovoluje pozvat na shrom\u00e1\u017ed\u011bn\u00ed vlastn\u00edku domu Nov\u00e1kov\u00fdch 59\/2\/4, Praha 8. Toto shrom\u00e1\u017ed\u011bn\u00ed se bude konat dne 5.10.2021 od 18:00 a bude trvat asi 2 hodiny, proto\u017ee m\u00e1me hodn\u011b v\u011bc\u00ed k \u0159e\u0161en\u00ed. &nbsp; Pozv\u00e1nka na &#8230; <a class=\"more-link\" href=\"https:\/\/www.novakovych59.cz\/?page_id=1034\">\u010c\u00edst v\u00edce &raquo;<\/a><\/p>\n","protected":false},"author":1,"featured_media":0,"parent":0,"menu_order":0,"comment_status":"closed","ping_status":"closed","template":"","meta":{"footnotes":""},"class_list":["post-1034","page","type-page","status-publish","hentry"],"_links":{"self":[{"href":"https:\/\/www.novakovych59.cz\/index.php?rest_route=\/wp\/v2\/pages\/1034","targetHints":{"allow":["GET"]}}],"collection":[{"href":"https:\/\/www.novakovych59.cz\/index.php?rest_route=\/wp\/v2\/pages"}],"about":[{"href":"https:\/\/www.novakovych59.cz\/index.php?rest_route=\/wp\/v2\/types\/page"}],"author":[{"embeddable":true,"href":"https:\/\/www.novakovych59.cz\/index.php?rest_route=\/wp\/v2\/users\/1"}],"replies":[{"embeddable":true,"href":"https:\/\/www.novakovych59.cz\/index.php?rest_route=%2Fwp%2Fv2%2Fcomments&post=1034"}],"version-history":[{"count":9,"href":"https:\/\/www.novakovych59.cz\/index.php?rest_route=\/wp\/v2\/pages\/1034\/revisions"}],"predecessor-version":[{"id":1056,"href":"https:\/\/www.novakovych59.cz\/index.php?rest_route=\/wp\/v2\/pages\/1034\/revisions\/1056"}],"wp:attachment":[{"href":"https:\/\/www.novakovych59.cz\/index.php?rest_route=%2Fwp%2Fv2%2Fmedia&parent=1034"}],"curies":[{"name":"wp","href":"https:\/\/api.w.org\/{rel}","templated":true}]}}